CRAN Package Check Results for Package msm

Last updated on 2017-11-19 00:47:44.

Flavor Version Tinstall Tcheck Ttotal Status Flags
r-devel-linux-x86_64-debian-clang 1.6.4 6.24 138.02 144.26 NOTE
r-devel-linux-x86_64-debian-gcc 1.6.4 8.81 143.50 152.31 NOTE
r-devel-linux-x86_64-fedora-clang 1.6.4 276.52 NOTE
r-devel-linux-x86_64-fedora-gcc 1.6.4 274.62 NOTE
r-devel-windows-ix86+x86_64 1.6.4 34.00 415.00 449.00 OK
r-patched-linux-x86_64 1.6.4 6.65 154.69 161.34 NOTE
r-patched-solaris-x86 1.6.4 414.70 OK
r-release-linux-x86_64 1.6.4 6.59 149.44 156.03 NOTE
r-release-windows-ix86+x86_64 1.6.4 26.00 416.00 442.00 OK
r-release-osx-x86_64 1.6.4 OK
r-oldrel-windows-ix86+x86_64 1.6.4 20.00 380.00 400.00 OK
r-oldrel-osx-x86_64 1.6.4 OK

Additional issues

gcc-ASAN valgrind

Check Details

Version: 1.6.4
Check: compiled code
Result: NOTE
    File ‘msm/libs/msm.so’:
     Found no calls to: ‘R_registerRoutines’, ‘R_useDynamicSymbols’
    
    It is good practice to register native routines and to disable symbol
    search.
    
    See ‘Writing portable packages’ in the ‘Writing R Extensions’ manual.
Flavors: r-devel-linux-x86_64-debian-clang, r-devel-linux-x86_64-debian-gcc, r-devel-linux-x86_64-fedora-clang, r-devel-linux-x86_64-fedora-gcc, r-patched-linux-x86_64, r-release-linux-x86_64