CRAN Package Check Results for Package gdm

Last updated on 2017-11-19 00:47:21.

Flavor Version Tinstall Tcheck Ttotal Status Flags
r-devel-linux-x86_64-debian-clang 1.3.4 10.81 80.58 91.39 OK
r-devel-linux-x86_64-debian-gcc 1.3.4 9.81 84.79 94.60 OK
r-devel-linux-x86_64-fedora-clang 1.3.4 195.48 OK
r-devel-linux-x86_64-fedora-gcc 1.3.4 193.02 OK
r-devel-windows-ix86+x86_64 1.3.4 76.00 267.00 343.00 NOTE
r-patched-linux-x86_64 1.3.4 10.05 83.89 93.94 OK
r-patched-solaris-x86 1.3.4 260.40 OK
r-release-linux-x86_64 1.3.4 10.11 83.30 93.42 OK
r-release-windows-ix86+x86_64 1.3.4 47.00 269.00 316.00 NOTE
r-release-osx-x86_64 1.3.4 OK
r-oldrel-windows-ix86+x86_64 1.3.4 45.00 252.00 297.00 NOTE
r-oldrel-osx-x86_64 1.3.4 OK

Check Details

Version: 1.3.4
Check: installed package size
Result: NOTE
     installed size is 5.9Mb
     sub-directories of 1Mb or more:
     doc 1.1Mb
     extdata 3.0Mb
     libs 1.4Mb
Flavors: r-devel-windows-ix86+x86_64, r-release-windows-ix86+x86_64, r-oldrel-windows-ix86+x86_64