Last updated on 2022-05-15 01:52:35 CEST.
Flavor | Version | Tinstall | Tcheck | Ttotal | Status | Flags |
---|---|---|---|---|---|---|
r-devel-linux-x86_64-debian-clang | 1.1.0 | 146.51 | 136.27 | 282.78 | NOTE | |
r-devel-linux-x86_64-debian-gcc | 1.1.0 | 120.32 | 115.20 | 235.52 | NOTE | |
r-devel-linux-x86_64-fedora-clang | 1.1.0 | 310.36 | NOTE | |||
r-devel-linux-x86_64-fedora-gcc | 1.1.0 | 300.52 | NOTE | |||
r-devel-windows-x86_64 | 1.1.0 | 105.00 | 245.00 | 350.00 | NOTE | |
r-patched-linux-x86_64 | 1.1.0 | 121.26 | 135.23 | 256.49 | NOTE | |
r-release-linux-x86_64 | 1.1.0 | 108.47 | 135.14 | 243.61 | NOTE | |
r-release-macos-arm64 | 1.1.0 | 103.00 | NOTE | |||
r-release-macos-x86_64 | 1.1.0 | 189.00 | NOTE | |||
r-release-windows-x86_64 | 1.1.0 | 102.00 | 243.00 | 345.00 | NOTE | |
r-oldrel-macos-arm64 | 1.1.0 | 106.00 | NOTE | |||
r-oldrel-macos-x86_64 | 1.1.0 | 148.00 | NOTE | |||
r-oldrel-windows-ix86+x86_64 | 1.1.0 | 310.00 | 278.00 | 588.00 | NOTE |
Version: 1.1.0
Check: for GNU extensions in Makefiles
Result: NOTE
GNU make is a SystemRequirements.
Flavors: r-devel-linux-x86_64-debian-clang, r-devel-linux-x86_64-debian-gcc, r-devel-linux-x86_64-fedora-clang, r-devel-linux-x86_64-fedora-gcc, r-devel-windows-x86_64, r-patched-linux-x86_64, r-release-linux-x86_64, r-release-macos-arm64, r-release-macos-x86_64, r-release-windows-x86_64, r-oldrel-macos-arm64, r-oldrel-macos-x86_64, r-oldrel-windows-ix86+x86_64
Version: 1.1.0
Check: installed package size
Result: NOTE
installed size is 24.3Mb
sub-directories of 1Mb or more:
libs 23.7Mb
Flavors: r-devel-linux-x86_64-fedora-clang, r-release-macos-arm64, r-release-macos-x86_64, r-oldrel-macos-arm64, r-oldrel-macos-x86_64
Version: 1.1.0
Check: dependencies in R code
Result: NOTE
Namespaces in Imports field not imported from:
‘RcppParallel’ ‘rstantools’
All declared Imports should be used.
Flavors: r-devel-linux-x86_64-fedora-clang, r-devel-linux-x86_64-fedora-gcc, r-release-macos-arm64, r-release-macos-x86_64, r-oldrel-macos-arm64, r-oldrel-macos-x86_64
Version: 1.1.0
Check: Rd cross-references
Result: NOTE
Undeclared package ‘loo’ in Rd xrefs
Flavor: r-devel-linux-x86_64-fedora-clang