Last updated on 2022-05-15 01:52:35 CEST.
Flavor | Version | Tinstall | Tcheck | Ttotal | Status | Flags |
---|---|---|---|---|---|---|
r-devel-linux-x86_64-debian-clang | 1.0.2 | 11.12 | 100.79 | 111.91 | NOTE | |
r-devel-linux-x86_64-debian-gcc | 1.0.2 | 9.52 | 80.81 | 90.33 | NOTE | |
r-devel-linux-x86_64-fedora-clang | 1.0.2 | 141.30 | NOTE | |||
r-devel-linux-x86_64-fedora-gcc | 1.0.2 | 136.66 | NOTE | |||
r-devel-windows-x86_64 | 1.0.2 | 36.00 | 127.00 | 163.00 | NOTE | |
r-patched-linux-x86_64 | 1.0.2 | 10.30 | 97.71 | 108.01 | NOTE | |
r-release-linux-x86_64 | 1.0.2 | 12.05 | 99.64 | 111.69 | NOTE | |
r-release-macos-arm64 | 1.0.2 | 37.00 | NOTE | |||
r-release-macos-x86_64 | 1.0.2 | 59.00 | NOTE | |||
r-release-windows-x86_64 | 1.0.2 | 43.00 | 125.00 | 168.00 | NOTE | |
r-oldrel-macos-arm64 | 1.0.2 | 45.00 | NOTE | |||
r-oldrel-macos-x86_64 | 1.0.2 | 77.00 | NOTE | |||
r-oldrel-windows-ix86+x86_64 | 1.0.2 | 24.00 | 122.00 | 146.00 | NOTE |
Version: 1.0.2
Check: LazyData
Result: NOTE
'LazyData' is specified without a 'data' directory
Flavors: r-devel-linux-x86_64-debian-clang, r-devel-linux-x86_64-debian-gcc, r-devel-linux-x86_64-fedora-clang, r-devel-linux-x86_64-fedora-gcc, r-devel-windows-x86_64, r-patched-linux-x86_64, r-release-linux-x86_64, r-release-macos-arm64, r-release-macos-x86_64, r-release-windows-x86_64, r-oldrel-macos-arm64, r-oldrel-macos-x86_64, r-oldrel-windows-ix86+x86_64