Last updated on 2022-05-15 01:52:34 CEST.
Flavor | Version | Tinstall | Tcheck | Ttotal | Status | Flags |
---|---|---|---|---|---|---|
r-devel-linux-x86_64-debian-clang | 0.0.4 | 4.27 | 250.55 | 254.82 | NOTE | |
r-devel-linux-x86_64-debian-gcc | 0.0.4 | 3.17 | 180.32 | 183.49 | NOTE | |
r-devel-linux-x86_64-fedora-clang | 0.0.4 | 305.79 | NOTE | |||
r-devel-linux-x86_64-fedora-gcc | 0.0.4 | 324.96 | NOTE | |||
r-devel-windows-x86_64 | 0.0.4 | 32.00 | 329.00 | 361.00 | NOTE | |
r-patched-linux-x86_64 | 0.0.4 | 3.05 | 242.02 | 245.07 | NOTE | |
r-release-linux-x86_64 | 0.0.4 | 3.41 | 253.84 | 257.25 | NOTE | |
r-release-macos-arm64 | 0.0.4 | 117.00 | NOTE | |||
r-release-macos-x86_64 | 0.0.4 | 181.00 | NOTE | |||
r-release-windows-x86_64 | 0.0.4 | 35.00 | 318.00 | 353.00 | NOTE | |
r-oldrel-macos-arm64 | 0.0.4 | 192.00 | NOTE | |||
r-oldrel-macos-x86_64 | 0.0.4 | 204.00 | NOTE | |||
r-oldrel-windows-ix86+x86_64 | 0.0.4 | 9.00 | 353.00 | 362.00 | NOTE |
Version: 0.0.4
Check: LazyData
Result: NOTE
'LazyData' is specified without a 'data' directory
Flavors: r-devel-linux-x86_64-debian-clang, r-devel-linux-x86_64-debian-gcc, r-devel-linux-x86_64-fedora-clang, r-devel-linux-x86_64-fedora-gcc, r-devel-windows-x86_64, r-patched-linux-x86_64, r-release-linux-x86_64, r-release-macos-arm64, r-release-macos-x86_64, r-release-windows-x86_64, r-oldrel-macos-arm64, r-oldrel-macos-x86_64, r-oldrel-windows-ix86+x86_64