Last updated on 2022-05-15 01:52:34 CEST.
Flavor | Version | Tinstall | Tcheck | Ttotal | Status | Flags |
---|---|---|---|---|---|---|
r-devel-linux-x86_64-debian-clang | 1.6.0.1 | 436.20 | 355.66 | 791.86 | NOTE | |
r-devel-linux-x86_64-debian-gcc | 1.6.0.1 | 259.21 | 254.78 | 513.99 | NOTE | |
r-devel-linux-x86_64-fedora-clang | 1.6.0.1 | 959.00 | NOTE | |||
r-devel-linux-x86_64-fedora-gcc | 1.6.0.1 | 735.25 | NOTE | |||
r-devel-windows-x86_64 | 1.6.0.1 | 289.00 | 397.00 | 686.00 | NOTE | |
r-patched-linux-x86_64 | 1.6.0.1 | 266.09 | 320.67 | 586.76 | NOTE | |
r-release-linux-x86_64 | 1.6.0.1 | 263.90 | 326.56 | 590.46 | NOTE | |
r-release-macos-arm64 | 1.6.0.1 | 183.00 | NOTE | |||
r-release-macos-x86_64 | 1.6.0.1 | 253.00 | NOTE | |||
r-release-windows-x86_64 | 1.6.0.1 | 301.00 | 402.00 | 703.00 | NOTE | |
r-oldrel-macos-arm64 | 1.6.0.1 | 185.00 | NOTE | |||
r-oldrel-macos-x86_64 | 1.6.0.1 | 254.00 | NOTE | |||
r-oldrel-windows-ix86+x86_64 | 1.6.0.1 | 558.00 | 514.00 | 1072.00 | NOTE |
Version: 1.6.0.1
Check: for GNU extensions in Makefiles
Result: NOTE
GNU make is a SystemRequirements.
Flavors: r-devel-linux-x86_64-debian-clang, r-devel-linux-x86_64-debian-gcc, r-devel-linux-x86_64-fedora-clang, r-devel-linux-x86_64-fedora-gcc, r-devel-windows-x86_64, r-patched-linux-x86_64, r-release-linux-x86_64, r-release-macos-arm64, r-release-macos-x86_64, r-release-windows-x86_64, r-oldrel-macos-arm64, r-oldrel-macos-x86_64, r-oldrel-windows-ix86+x86_64
Version: 1.6.0.1
Check: installed package size
Result: NOTE
installed size is 30.5Mb
sub-directories of 1Mb or more:
libs 29.6Mb
Flavors: r-devel-linux-x86_64-fedora-clang, r-release-macos-arm64, r-release-macos-x86_64, r-oldrel-macos-arm64, r-oldrel-macos-x86_64, r-oldrel-windows-ix86+x86_64