Last updated on 2022-05-15 01:52:34 CEST.
Flavor | Version | Tinstall | Tcheck | Ttotal | Status | Flags |
---|---|---|---|---|---|---|
r-devel-linux-x86_64-debian-clang | 1.0.2 | 5.58 | 48.11 | 53.69 | NOTE | |
r-devel-linux-x86_64-debian-gcc | 1.0.2 | 4.01 | 36.33 | 40.34 | NOTE | |
r-devel-linux-x86_64-fedora-clang | 1.0.2 | 64.60 | NOTE | |||
r-devel-linux-x86_64-fedora-gcc | 1.0.2 | 61.51 | NOTE | |||
r-devel-windows-x86_64 | 1.0.2 | 20.00 | 68.00 | 88.00 | NOTE | |
r-patched-linux-x86_64 | 1.0.2 | 9.16 | 46.40 | 55.56 | NOTE | |
r-release-linux-x86_64 | 1.0.2 | 3.16 | 46.47 | 49.63 | NOTE | |
r-release-macos-arm64 | 1.0.2 | 21.00 | NOTE | |||
r-release-macos-x86_64 | 1.0.2 | 29.00 | NOTE | |||
r-release-windows-x86_64 | 1.0.2 | 33.00 | 66.00 | 99.00 | NOTE | |
r-oldrel-macos-arm64 | 1.0.2 | 23.00 | NOTE | |||
r-oldrel-macos-x86_64 | 1.0.2 | 33.00 | NOTE | |||
r-oldrel-windows-ix86+x86_64 | 1.0.2 | 10.00 | 55.00 | 65.00 | NOTE |
Version: 1.0.2
Check: LazyData
Result: NOTE
'LazyData' is specified without a 'data' directory
Flavors: r-devel-linux-x86_64-debian-clang, r-devel-linux-x86_64-debian-gcc, r-devel-linux-x86_64-fedora-clang, r-devel-linux-x86_64-fedora-gcc, r-devel-windows-x86_64, r-patched-linux-x86_64, r-release-linux-x86_64, r-release-macos-arm64, r-release-macos-x86_64, r-release-windows-x86_64, r-oldrel-macos-arm64, r-oldrel-macos-x86_64, r-oldrel-windows-ix86+x86_64
Version: 1.0.2
Check: package dependencies
Result: NOTE
Package suggested but not available for checking: ‘BiocParallel’
Flavor: r-oldrel-macos-arm64