Last updated on 2022-05-15 01:52:34 CEST.
Flavor | Version | Tinstall | Tcheck | Ttotal | Status | Flags |
---|---|---|---|---|---|---|
r-devel-linux-x86_64-debian-clang | 0.3.4 | 120.82 | 46.16 | 166.98 | OK | |
r-devel-linux-x86_64-debian-gcc | 0.3.4 | 97.03 | 35.36 | 132.39 | OK | |
r-devel-linux-x86_64-fedora-clang | 0.3.4 | 266.72 | OK | |||
r-devel-linux-x86_64-fedora-gcc | 0.3.4 | 220.96 | OK | |||
r-devel-windows-x86_64 | 0.3.4 | 109.00 | 89.00 | 198.00 | OK | |
r-patched-linux-x86_64 | 0.3.4 | 98.11 | 44.04 | 142.15 | OK | |
r-release-linux-x86_64 | 0.3.4 | 103.66 | 43.28 | 146.94 | OK | |
r-release-macos-arm64 | 0.3.4 | 54.00 | OK | |||
r-release-macos-x86_64 | 0.3.4 | 75.00 | OK | |||
r-release-windows-x86_64 | 0.3.4 | 123.00 | 90.00 | 213.00 | OK | |
r-oldrel-macos-arm64 | 0.3.4 | 62.00 | NOTE | |||
r-oldrel-macos-x86_64 | 0.3.4 | 70.00 | OK | |||
r-oldrel-windows-ix86+x86_64 | 0.3.4 | 298.00 | 88.00 | 386.00 | OK |
Version: 0.3.4
Check: installed package size
Result: NOTE
installed size is 5.9Mb
sub-directories of 1Mb or more:
libs 5.6Mb
Flavor: r-oldrel-macos-arm64