Last updated on 2022-05-15 01:52:34 CEST.
Flavor | Version | Tinstall | Tcheck | Ttotal | Status | Flags |
---|---|---|---|---|---|---|
r-devel-linux-x86_64-debian-clang | 2.4.2 | 11.93 | 115.79 | 127.72 | OK | |
r-devel-linux-x86_64-debian-gcc | 2.4.2 | 9.22 | 85.04 | 94.26 | OK | |
r-devel-linux-x86_64-fedora-clang | 2.4.2 | 142.23 | NOTE | |||
r-devel-linux-x86_64-fedora-gcc | 2.4.2 | 151.13 | OK | |||
r-devel-windows-x86_64 | 2.4.2 | 31.00 | 129.00 | 160.00 | OK | |
r-patched-linux-x86_64 | 2.4.2 | 12.34 | 106.80 | 119.14 | OK | |
r-release-linux-x86_64 | 2.4.2 | 9.68 | 107.92 | 117.60 | OK | |
r-release-macos-arm64 | 2.4.2 | 44.00 | OK | |||
r-release-macos-x86_64 | 2.4.2 | 70.00 | OK | |||
r-release-windows-x86_64 | 2.4.2 | 32.00 | 143.00 | 175.00 | OK | |
r-oldrel-macos-arm64 | 2.4.2 | 59.00 | OK | |||
r-oldrel-macos-x86_64 | 2.4.2 | 78.00 | OK | |||
r-oldrel-windows-ix86+x86_64 | 2.4.2 | 29.00 | 125.00 | 154.00 | OK |
Version: 2.4.2
Check: package dependencies
Result: NOTE
Imports includes 31 non-default packages.
Importing from so many packages makes the package vulnerable to any of
them becoming unavailable. Move as many as possible to Suggests and
use conditionally.
Flavor: r-devel-linux-x86_64-fedora-clang