Last updated on 2022-05-15 01:52:34 CEST.
Flavor | Version | Tinstall | Tcheck | Ttotal | Status | Flags |
---|---|---|---|---|---|---|
r-devel-linux-x86_64-debian-clang | 0.1.0 | 8.57 | 366.22 | 374.79 | OK | |
r-devel-linux-x86_64-debian-gcc | 0.1.0 | 6.97 | 250.15 | 257.12 | OK | |
r-devel-linux-x86_64-fedora-clang | 0.1.0 | 417.79 | OK | |||
r-devel-linux-x86_64-fedora-gcc | 0.1.0 | 403.89 | OK | |||
r-devel-windows-x86_64 | 0.1.0 | 27.00 | 362.00 | 389.00 | OK | |
r-patched-linux-x86_64 | 0.1.0 | 7.27 | 327.44 | 334.71 | OK | |
r-release-linux-x86_64 | 0.1.0 | 5.65 | 331.85 | 337.50 | OK | |
r-release-macos-arm64 | 0.1.0 | 40.00 | OK | |||
r-release-macos-x86_64 | 0.1.0 | 169.00 | OK | |||
r-release-windows-x86_64 | 0.1.0 | 26.00 | 375.00 | 401.00 | OK | |
r-oldrel-macos-arm64 | 0.1.0 | 37.00 | OK | |||
r-oldrel-macos-x86_64 | 0.1.0 | 58.00 | OK | |||
r-oldrel-windows-ix86+x86_64 | 0.1.0 | 20.00 | 398.00 | 418.00 | ERROR |
Version: 0.1.0
Check: PDF version of manual
Result: WARN
LaTeX errors when creating PDF version.
This typically indicates Rd problems.
LaTeX errors found:
! Package inputenc Error: Unicode char â<c2><80><c2><90> (U+2010)
(inputenc) not set up for use with LaTeX.
See the inputenc package documentation for explanation.
Type H <return> for immediate help.
! Package inputenc Error: Unicode char â<c2><80><c2><90> (U+2010)
(inputenc) not set up for use with LaTeX.
See the inputenc package documentation for explanation.
Type H <return> for immediate help.
! Package inputenc Error: Unicode char â<c2><80><c2><90> (U+2010)
(inputenc) not set up for use with LaTeX.
See the inputenc package documentation for explanation.
Type H <return> for immediate help.
! Package inputenc Error: Unicode char â<c2><80><c2><90> (U+2010)
(inputenc) not set up for use with LaTeX.
See the inputenc package documentation for explanation.
Type H <return> for immediate help.
Flavor: r-oldrel-windows-ix86+x86_64
Version: 0.1.0
Check: PDF version of manual without hyperrefs or index
Result: ERROR
Flavor: r-oldrel-windows-ix86+x86_64