Last updated on 2022-05-15 01:52:34 CEST.
Flavor | Version | Tinstall | Tcheck | Ttotal | Status | Flags |
---|---|---|---|---|---|---|
r-devel-linux-x86_64-debian-clang | 1.0.1 | 30.12 | 182.18 | 212.30 | OK | |
r-devel-linux-x86_64-debian-gcc | 1.0.1 | 27.03 | 132.73 | 159.76 | OK | |
r-devel-linux-x86_64-fedora-clang | 1.0.1 | 260.71 | NOTE | |||
r-devel-linux-x86_64-fedora-gcc | 1.0.1 | 245.72 | OK | |||
r-devel-windows-x86_64 | 1.0.1 | 166.00 | 185.00 | 351.00 | NOTE | |
r-patched-linux-x86_64 | 1.0.1 | 33.85 | 166.41 | 200.26 | OK | |
r-release-linux-x86_64 | 1.0.1 | 22.75 | 167.81 | 190.56 | OK | |
r-release-macos-arm64 | 1.0.1 | 68.00 | NOTE | |||
r-release-macos-x86_64 | 1.0.1 | 122.00 | NOTE | |||
r-release-windows-x86_64 | 1.0.1 | 146.00 | 175.00 | 321.00 | NOTE | |
r-oldrel-macos-arm64 | 1.0.1 | 73.00 | NOTE | |||
r-oldrel-macos-x86_64 | 1.0.1 | 88.00 | NOTE | |||
r-oldrel-windows-ix86+x86_64 | 1.0.1 | 59.00 | 184.00 | 243.00 | NOTE |
Version: 1.0.1
Check: installed package size
Result: NOTE
installed size is 6.1Mb
sub-directories of 1Mb or more:
data 5.7Mb
Flavors: r-devel-linux-x86_64-fedora-clang, r-devel-windows-x86_64, r-release-macos-arm64, r-release-macos-x86_64, r-release-windows-x86_64, r-oldrel-macos-arm64, r-oldrel-macos-x86_64, r-oldrel-windows-ix86+x86_64