CRAN Package Check Results for Package vesselr

Last updated on 2022-05-15 01:52:34 CEST.

Flavor Version Tinstall Tcheck Ttotal Status Flags
r-devel-linux-x86_64-debian-clang 0.2.1 5.21 58.25 63.46 NOTE
r-devel-linux-x86_64-debian-gcc 0.2.1 3.77 43.94 47.71 NOTE
r-devel-linux-x86_64-fedora-clang 0.2.1 79.02 NOTE
r-devel-linux-x86_64-fedora-gcc 0.2.1 71.78 NOTE
r-devel-windows-x86_64 0.2.1 9.00 74.00 83.00 NOTE
r-patched-linux-x86_64 0.2.1 6.29 56.24 62.53 NOTE
r-release-linux-x86_64 0.2.1 4.09 56.00 60.09 NOTE
r-release-macos-arm64 0.2.1 22.00 NOTE
r-release-macos-x86_64 0.2.1 30.00 NOTE
r-release-windows-x86_64 0.2.1 11.00 74.00 85.00 NOTE
r-oldrel-macos-arm64 0.2.1 25.00 NOTE
r-oldrel-macos-x86_64 0.2.1 42.00 NOTE
r-oldrel-windows-ix86+x86_64 0.2.1 11.00 67.00 78.00 NOTE

Check Details

Version: 0.2.1
Check: LazyData
Result: NOTE
     'LazyData' is specified without a 'data' directory
Flavors: r-devel-linux-x86_64-debian-clang, r-devel-linux-x86_64-debian-gcc, r-devel-linux-x86_64-fedora-clang, r-devel-linux-x86_64-fedora-gcc, r-devel-windows-x86_64, r-patched-linux-x86_64, r-release-linux-x86_64, r-release-macos-arm64, r-release-macos-x86_64, r-release-windows-x86_64, r-oldrel-macos-arm64, r-oldrel-macos-x86_64, r-oldrel-windows-ix86+x86_64