CRAN Package Check Results for Package veccompare

Last updated on 2022-05-15 01:52:34 CEST.

Flavor Version Tinstall Tcheck Ttotal Status Flags
r-devel-linux-x86_64-debian-clang 0.1.0 3.40 43.70 47.10 OK
r-devel-linux-x86_64-debian-gcc 0.1.0 2.44 33.83 36.27 OK
r-devel-linux-x86_64-fedora-clang 0.1.0 59.37 NOTE
r-devel-linux-x86_64-fedora-gcc 0.1.0 55.08 NOTE
r-devel-windows-x86_64 0.1.0 30.00 60.00 90.00 OK
r-patched-linux-x86_64 0.1.0 3.03 41.91 44.94 OK
r-release-linux-x86_64 0.1.0 2.99 42.14 45.13 OK
r-release-macos-arm64 0.1.0 20.00 NOTE
r-release-macos-x86_64 0.1.0 28.00 NOTE
r-release-windows-x86_64 0.1.0 28.00 63.00 91.00 OK
r-oldrel-macos-arm64 0.1.0 21.00 NOTE
r-oldrel-macos-x86_64 0.1.0 35.00 NOTE
r-oldrel-windows-ix86+x86_64 0.1.0 8.00 57.00 65.00 OK

Check Details

Version: 0.1.0
Check: dependencies in R code
Result: NOTE
    Namespace in Imports field not imported from: ‘pander’
     All declared Imports should be used.
Flavors: r-devel-linux-x86_64-fedora-clang, r-devel-linux-x86_64-fedora-gcc, r-release-macos-arm64, r-release-macos-x86_64, r-oldrel-macos-arm64, r-oldrel-macos-x86_64