Last updated on 2022-05-15 01:52:34 CEST.
Flavor | Version | Tinstall | Tcheck | Ttotal | Status | Flags |
---|---|---|---|---|---|---|
r-devel-linux-x86_64-debian-clang | 1.2.1 | 13.54 | 215.48 | 229.02 | OK | |
r-devel-linux-x86_64-debian-gcc | 1.2.1 | 11.54 | 161.74 | 173.28 | OK | |
r-devel-linux-x86_64-fedora-clang | 1.2.1 | 305.14 | NOTE | |||
r-devel-linux-x86_64-fedora-gcc | 1.2.1 | 265.33 | NOTE | |||
r-devel-windows-x86_64 | 1.2.1 | 24.00 | 332.00 | 356.00 | OK | |
r-patched-linux-x86_64 | 1.2.1 | 17.62 | 203.97 | 221.59 | OK | |
r-release-linux-x86_64 | 1.2.1 | 10.53 | 199.63 | 210.16 | OK | |
r-release-macos-arm64 | 1.2.1 | 103.00 | OK | |||
r-release-macos-x86_64 | 1.2.1 | 152.00 | OK | |||
r-release-windows-x86_64 | 1.2.1 | 23.00 | 332.00 | 355.00 | OK | |
r-oldrel-macos-arm64 | 1.2.1 | 102.00 | OK | |||
r-oldrel-macos-x86_64 | 1.2.1 | 123.00 | OK | |||
r-oldrel-windows-ix86+x86_64 | 1.2.1 | 32.00 | 288.00 | 320.00 | OK |
Version: 1.2.1
Check: compiled code
Result: NOTE
File ‘vdg/libs/vdg.so’:
Found no calls to: ‘R_registerRoutines’, ‘R_useDynamicSymbols’
It is good practice to register native routines and to disable symbol
search.
See ‘Writing portable packages’ in the ‘Writing R Extensions’ manual.
Flavors: r-devel-linux-x86_64-fedora-clang, r-devel-linux-x86_64-fedora-gcc