CRAN Package Check Results for Package valueEQ5D

Last updated on 2022-05-15 01:52:34 CEST.

Flavor Version Tinstall Tcheck Ttotal Status Flags
r-devel-linux-x86_64-debian-clang 0.7.2 3.45 82.95 86.40 OK
r-devel-linux-x86_64-debian-gcc 0.7.2 3.15 60.77 63.92 OK
r-devel-linux-x86_64-fedora-clang 0.7.2 103.91 NOTE
r-devel-linux-x86_64-fedora-gcc 0.7.2 101.55 NOTE
r-devel-windows-x86_64 0.7.2 43.00 110.00 153.00 OK
r-patched-linux-x86_64 0.7.2 4.21 80.21 84.42 OK
r-release-linux-x86_64 0.7.2 2.57 79.10 81.67 OK
r-release-macos-arm64 0.7.2 29.00 NOTE
r-release-macos-x86_64 0.7.2 46.00 NOTE
r-release-windows-x86_64 0.7.2 49.00 109.00 158.00 OK
r-oldrel-macos-arm64 0.7.2 32.00 NOTE
r-oldrel-macos-x86_64 0.7.2 42.00 NOTE
r-oldrel-windows-ix86+x86_64 0.7.2 9.00 108.00 117.00 OK

Check Details

Version: 0.7.2
Check: dependencies in R code
Result: NOTE
    Namespace in Imports field not imported from: ‘testthat’
     All declared Imports should be used.
Flavors: r-devel-linux-x86_64-fedora-clang, r-devel-linux-x86_64-fedora-gcc, r-release-macos-arm64, r-release-macos-x86_64, r-oldrel-macos-arm64, r-oldrel-macos-x86_64