CRAN Package Check Results for Package valaddin

Last updated on 2022-05-15 01:52:34 CEST.

Flavor Version Tinstall Tcheck Ttotal Status Flags
r-devel-linux-x86_64-debian-clang 1.0.1 4.67 78.15 82.82 NOTE
r-devel-linux-x86_64-debian-gcc 1.0.1 3.69 58.20 61.89 NOTE
r-devel-linux-x86_64-fedora-clang 1.0.1 98.18 NOTE
r-devel-linux-x86_64-fedora-gcc 1.0.1 95.31 NOTE
r-devel-windows-x86_64 1.0.1 69.00 103.00 172.00 NOTE
r-patched-linux-x86_64 1.0.1 5.21 74.89 80.10 NOTE
r-release-linux-x86_64 1.0.1 5.67 73.74 79.41 NOTE
r-release-macos-arm64 1.0.1 26.00 NOTE
r-release-macos-x86_64 1.0.1 40.00 NOTE
r-release-windows-x86_64 1.0.1 55.00 102.00 157.00 NOTE
r-oldrel-macos-arm64 1.0.1 28.00 NOTE
r-oldrel-macos-x86_64 1.0.1 52.00 NOTE
r-oldrel-windows-ix86+x86_64 1.0.1 11.00 96.00 107.00 NOTE

Check Details

Version: 1.0.1
Check: LazyData
Result: NOTE
     'LazyData' is specified without a 'data' directory
Flavors: r-devel-linux-x86_64-debian-clang, r-devel-linux-x86_64-debian-gcc, r-devel-linux-x86_64-fedora-clang, r-devel-linux-x86_64-fedora-gcc, r-devel-windows-x86_64, r-patched-linux-x86_64, r-release-linux-x86_64, r-release-macos-arm64, r-release-macos-x86_64, r-release-windows-x86_64, r-oldrel-macos-arm64, r-oldrel-macos-x86_64, r-oldrel-windows-ix86+x86_64