Last updated on 2022-05-15 01:52:34 CEST.
Flavor | Version | Tinstall | Tcheck | Ttotal | Status | Flags |
---|---|---|---|---|---|---|
r-devel-linux-x86_64-debian-clang | 1.0 | 2.48 | 40.00 | 42.48 | NOTE | |
r-devel-linux-x86_64-debian-gcc | 1.0 | 2.23 | 30.21 | 32.44 | NOTE | |
r-devel-linux-x86_64-fedora-clang | 1.0 | 50.84 | NOTE | |||
r-devel-linux-x86_64-fedora-gcc | 1.0 | 48.70 | NOTE | |||
r-devel-windows-x86_64 | 1.0 | 16.00 | 57.00 | 73.00 | NOTE | |
r-patched-linux-x86_64 | 1.0 | 2.04 | 36.84 | 38.88 | NOTE | |
r-release-linux-x86_64 | 1.0 | 2.61 | 37.07 | 39.68 | NOTE | |
r-release-macos-arm64 | 1.0 | 18.00 | NOTE | |||
r-release-macos-x86_64 | 1.0 | 25.00 | NOTE | |||
r-release-windows-x86_64 | 1.0 | 15.00 | 55.00 | 70.00 | NOTE | |
r-oldrel-macos-arm64 | 1.0 | 21.00 | NOTE | |||
r-oldrel-macos-x86_64 | 1.0 | 33.00 | NOTE | |||
r-oldrel-windows-ix86+x86_64 | 1.0 | 6.00 | 47.00 | 53.00 | NOTE |
Version: 1.0
Check: LazyData
Result: NOTE
'LazyData' is specified without a 'data' directory
Flavors: r-devel-linux-x86_64-debian-clang, r-devel-linux-x86_64-debian-gcc, r-devel-linux-x86_64-fedora-clang, r-devel-linux-x86_64-fedora-gcc, r-devel-windows-x86_64, r-patched-linux-x86_64, r-release-linux-x86_64, r-release-macos-arm64, r-release-macos-x86_64, r-release-windows-x86_64, r-oldrel-macos-arm64, r-oldrel-macos-x86_64, r-oldrel-windows-ix86+x86_64