Last updated on 2022-05-15 01:52:34 CEST.
Flavor | Version | Tinstall | Tcheck | Ttotal | Status | Flags |
---|---|---|---|---|---|---|
r-devel-linux-x86_64-debian-clang | 4.10.50 | 42.78 | 1126.18 | 1168.96 | OK | |
r-devel-linux-x86_64-debian-gcc | 4.10.50 | 36.28 | 636.30 | 672.58 | OK | |
r-devel-linux-x86_64-fedora-clang | 4.10.50 | 880.47 | NOTE | |||
r-devel-linux-x86_64-fedora-gcc | 4.10.50 | 1078.09 | NOTE | |||
r-devel-windows-x86_64 | 4.10.50 | 120.00 | 887.00 | 1007.00 | NOTE | |
r-patched-linux-x86_64 | 4.10.50 | 60.42 | 823.54 | 883.96 | OK | |
r-release-linux-x86_64 | 4.10.50 | 29.85 | 845.95 | 875.80 | OK | |
r-release-macos-arm64 | 4.10.50 | 250.00 | NOTE | |||
r-release-macos-x86_64 | 4.10.50 | 462.00 | NOTE | |||
r-release-windows-x86_64 | 4.10.50 | 130.00 | 882.00 | 1012.00 | NOTE | |
r-oldrel-macos-arm64 | 4.10.50 | 172.00 | NOTE | |||
r-oldrel-macos-x86_64 | 4.10.50 | 358.00 | NOTE | |||
r-oldrel-windows-ix86+x86_64 | 4.10.50 | 80.00 | 958.00 | 1038.00 | NOTE |
Version: 4.10.50
Check: installed package size
Result: NOTE
installed size is 5.1Mb
sub-directories of 1Mb or more:
help 3.6Mb
Flavors: r-devel-linux-x86_64-fedora-clang, r-devel-windows-x86_64, r-release-macos-arm64, r-release-macos-x86_64, r-release-windows-x86_64, r-oldrel-macos-arm64, r-oldrel-macos-x86_64, r-oldrel-windows-ix86+x86_64
Version: 4.10.50
Check: dependencies in R code
Result: NOTE
Namespace in Imports field not imported from: ‘tibble’
All declared Imports should be used.
Flavors: r-devel-linux-x86_64-fedora-clang, r-devel-linux-x86_64-fedora-gcc, r-release-macos-arm64, r-release-macos-x86_64, r-oldrel-macos-arm64, r-oldrel-macos-x86_64