CRAN Package Check Results for Package tufterhandout

Last updated on 2022-05-15 01:52:33 CEST.

Flavor Version Tinstall Tcheck Ttotal Status Flags
r-devel-linux-x86_64-debian-clang 1.2.1 3.11 46.96 50.07 NOTE
r-devel-linux-x86_64-debian-gcc 1.2.1 2.32 36.59 38.91 NOTE
r-devel-linux-x86_64-fedora-clang 1.2.1 60.88 NOTE
r-devel-linux-x86_64-fedora-gcc 1.2.1 57.69 NOTE
r-devel-windows-x86_64 1.2.1 10.00 69.00 79.00 NOTE
r-patched-linux-x86_64 1.2.1 2.82 44.42 47.24 NOTE
r-release-linux-x86_64 1.2.1 2.48 45.24 47.72 NOTE
r-release-macos-arm64 1.2.1 20.00 NOTE
r-release-macos-x86_64 1.2.1 32.00 NOTE
r-release-windows-x86_64 1.2.1 16.00 71.00 87.00 NOTE
r-oldrel-macos-arm64 1.2.1 25.00 NOTE
r-oldrel-macos-x86_64 1.2.1 35.00 NOTE
r-oldrel-windows-ix86+x86_64 1.2.1 8.00 60.00 68.00 NOTE

Check Details

Version: 1.2.1
Check: DESCRIPTION meta-information
Result: NOTE
    Malformed Description field: should contain one or more complete sentences.
Flavors: r-devel-linux-x86_64-debian-clang, r-devel-linux-x86_64-debian-gcc, r-devel-linux-x86_64-fedora-clang, r-devel-linux-x86_64-fedora-gcc, r-devel-windows-x86_64, r-patched-linux-x86_64, r-release-linux-x86_64, r-release-macos-arm64, r-release-macos-x86_64, r-release-windows-x86_64, r-oldrel-macos-arm64, r-oldrel-macos-x86_64, r-oldrel-windows-ix86+x86_64