Last updated on 2022-05-15 01:52:33 CEST.
Flavor | Version | Tinstall | Tcheck | Ttotal | Status | Flags |
---|---|---|---|---|---|---|
r-devel-linux-x86_64-debian-clang | 0.9.9 | 6.90 | 76.98 | 83.88 | NOTE | |
r-devel-linux-x86_64-debian-gcc | 0.9.9 | 5.31 | 57.10 | 62.41 | NOTE | |
r-devel-linux-x86_64-fedora-clang | 0.9.9 | 100.51 | NOTE | |||
r-devel-linux-x86_64-fedora-gcc | 0.9.9 | 94.88 | NOTE | |||
r-devel-windows-x86_64 | 0.9.9 | 25.00 | 105.00 | 130.00 | NOTE | |
r-patched-linux-x86_64 | 0.9.9 | 10.50 | 72.11 | 82.61 | NOTE | |
r-release-linux-x86_64 | 0.9.9 | 7.33 | 71.22 | 78.55 | NOTE | |
r-release-macos-arm64 | 0.9.9 | 28.00 | NOTE | |||
r-release-macos-x86_64 | 0.9.9 | 55.00 | NOTE | |||
r-release-windows-x86_64 | 0.9.9 | 29.00 | 109.00 | 138.00 | NOTE | |
r-oldrel-macos-arm64 | 0.9.9 | 32.00 | NOTE | |||
r-oldrel-macos-x86_64 | 0.9.9 | 42.00 | NOTE | |||
r-oldrel-windows-ix86+x86_64 | 0.9.9 | 19.00 | 94.00 | 113.00 | NOTE |
Version: 0.9.9
Check: LazyData
Result: NOTE
'LazyData' is specified without a 'data' directory
Flavors: r-devel-linux-x86_64-debian-clang, r-devel-linux-x86_64-debian-gcc, r-devel-linux-x86_64-fedora-clang, r-devel-linux-x86_64-fedora-gcc, r-devel-windows-x86_64, r-patched-linux-x86_64, r-release-linux-x86_64, r-release-macos-arm64, r-release-macos-x86_64, r-release-windows-x86_64, r-oldrel-macos-arm64, r-oldrel-macos-x86_64, r-oldrel-windows-ix86+x86_64