Last updated on 2022-05-15 01:52:33 CEST.
Flavor | Version | Tinstall | Tcheck | Ttotal | Status | Flags |
---|---|---|---|---|---|---|
r-devel-linux-x86_64-debian-clang | 1.3.0 | 12.90 | 142.05 | 154.95 | NOTE | |
r-devel-linux-x86_64-debian-gcc | 1.3.0 | 8.53 | 104.01 | 112.54 | NOTE | |
r-devel-linux-x86_64-fedora-clang | 1.3.0 | 180.82 | NOTE | |||
r-devel-linux-x86_64-fedora-gcc | 1.3.0 | 172.78 | NOTE | |||
r-devel-windows-x86_64 | 1.3.0 | 23.00 | 166.00 | 189.00 | NOTE | |
r-patched-linux-x86_64 | 1.3.0 | 7.68 | 133.00 | 140.68 | NOTE | |
r-release-linux-x86_64 | 1.3.0 | 9.22 | 132.48 | 141.70 | NOTE | |
r-release-macos-arm64 | 1.3.0 | 46.00 | NOTE | |||
r-release-macos-x86_64 | 1.3.0 | 86.00 | NOTE | |||
r-release-windows-x86_64 | 1.3.0 | 24.00 | 167.00 | 191.00 | NOTE | |
r-oldrel-macos-arm64 | 1.3.0 | 48.00 | NOTE | |||
r-oldrel-macos-x86_64 | 1.3.0 | 91.00 | NOTE | |||
r-oldrel-windows-ix86+x86_64 | 1.3.0 | 28.00 | 154.00 | 182.00 | NOTE |
Version: 1.3.0
Check: LazyData
Result: NOTE
'LazyData' is specified without a 'data' directory
Flavors: r-devel-linux-x86_64-debian-clang, r-devel-linux-x86_64-debian-gcc, r-devel-linux-x86_64-fedora-clang, r-devel-linux-x86_64-fedora-gcc, r-devel-windows-x86_64, r-patched-linux-x86_64, r-release-linux-x86_64, r-release-macos-arm64, r-release-macos-x86_64, r-release-windows-x86_64, r-oldrel-macos-arm64, r-oldrel-macos-x86_64, r-oldrel-windows-ix86+x86_64