Last updated on 2022-05-15 01:52:33 CEST.
Flavor | Version | Tinstall | Tcheck | Ttotal | Status | Flags |
---|---|---|---|---|---|---|
r-devel-linux-x86_64-debian-clang | 0.12 | 3.03 | 37.95 | 40.98 | NOTE | |
r-devel-linux-x86_64-debian-gcc | 0.12 | 2.16 | 29.71 | 31.87 | NOTE | |
r-devel-linux-x86_64-fedora-clang | 0.12 | 49.95 | NOTE | |||
r-devel-linux-x86_64-fedora-gcc | 0.12 | 48.13 | NOTE | |||
r-devel-windows-x86_64 | 0.12 | 16.00 | 59.00 | 75.00 | NOTE | |
r-patched-linux-x86_64 | 0.12 | 3.00 | 37.42 | 40.42 | NOTE | |
r-release-linux-x86_64 | 0.12 | 2.23 | 36.66 | 38.89 | NOTE | |
r-release-macos-arm64 | 0.12 | 18.00 | NOTE | |||
r-release-macos-x86_64 | 0.12 | 24.00 | NOTE | |||
r-release-windows-x86_64 | 0.12 | 28.00 | 57.00 | 85.00 | NOTE | |
r-oldrel-macos-arm64 | 0.12 | 26.00 | NOTE | |||
r-oldrel-macos-x86_64 | 0.12 | 34.00 | NOTE | |||
r-oldrel-windows-ix86+x86_64 | 0.12 | 6.00 | 59.00 | 65.00 | NOTE |
Version: 0.12
Check: LazyData
Result: NOTE
'LazyData' is specified without a 'data' directory
Flavors: r-devel-linux-x86_64-debian-clang, r-devel-linux-x86_64-debian-gcc, r-devel-linux-x86_64-fedora-clang, r-devel-linux-x86_64-fedora-gcc, r-devel-windows-x86_64, r-patched-linux-x86_64, r-release-linux-x86_64, r-release-macos-arm64, r-release-macos-x86_64, r-release-windows-x86_64, r-oldrel-macos-arm64, r-oldrel-macos-x86_64, r-oldrel-windows-ix86+x86_64