Last updated on 2022-05-15 01:52:33 CEST.
Flavor | Version | Tinstall | Tcheck | Ttotal | Status | Flags |
---|---|---|---|---|---|---|
r-devel-linux-x86_64-debian-clang | 0.1.0 | 12.29 | 145.94 | 158.23 | OK | |
r-devel-linux-x86_64-debian-gcc | 0.1.0 | 8.74 | 106.19 | 114.93 | OK | |
r-devel-linux-x86_64-fedora-clang | 0.1.0 | 191.72 | OK | |||
r-devel-linux-x86_64-fedora-gcc | 0.1.0 | 197.63 | OK | |||
r-devel-windows-x86_64 | 0.1.0 | 50.00 | 206.00 | 256.00 | OK | |
r-patched-linux-x86_64 | 0.1.0 | 14.57 | 135.04 | 149.61 | OK | |
r-release-linux-x86_64 | 0.1.0 | 10.33 | 133.23 | 143.56 | WARN | |
r-release-macos-arm64 | 0.1.0 | 58.00 | OK | |||
r-release-macos-x86_64 | 0.1.0 | 86.00 | OK | |||
r-release-windows-x86_64 | 0.1.0 | 76.00 | 192.00 | 268.00 | OK | |
r-oldrel-macos-arm64 | 0.1.0 | 98.00 | OK | |||
r-oldrel-macos-x86_64 | 0.1.0 | 121.00 | OK | |||
r-oldrel-windows-ix86+x86_64 | 0.1.0 | 25.00 | 168.00 | 193.00 | OK |
Version: 0.1.0
Check: package dependencies
Result: WARN
Requires orphaned package: ‘geiger’
Flavor: r-release-linux-x86_64