CRAN Package Check Results for Package transforEmotion

Last updated on 2022-05-15 01:52:33 CEST.

Flavor Version Tinstall Tcheck Ttotal Status Flags
r-devel-linux-x86_64-debian-clang 0.1.1 5.74 75.72 81.46 OK
r-devel-linux-x86_64-debian-gcc 0.1.1 4.19 56.05 60.24 OK
r-devel-linux-x86_64-fedora-clang 0.1.1 97.38 NOTE
r-devel-linux-x86_64-fedora-gcc 0.1.1 99.29 NOTE
r-devel-windows-x86_64 0.1.1 7.00 89.00 96.00 OK
r-patched-linux-x86_64 0.1.1 5.71 70.69 76.40 OK
r-release-linux-x86_64 0.1.1 6.00 69.55 75.55 OK
r-release-macos-arm64 0.1.1 30.00 NOTE
r-release-macos-x86_64 0.1.1 45.00 NOTE
r-release-windows-x86_64 0.1.1 8.00 76.00 84.00 OK
r-oldrel-macos-arm64 0.1.1 28.00 NOTE
r-oldrel-macos-x86_64 0.1.1 43.00 NOTE
r-oldrel-windows-ix86+x86_64 0.1.1 15.00 82.00 97.00 OK

Check Details

Version: 0.1.1
Check: data for non-ASCII characters
Result: NOTE
     Note: found 827 marked UTF-8 strings
Flavors: r-devel-linux-x86_64-fedora-clang, r-devel-linux-x86_64-fedora-gcc, r-release-macos-arm64, r-release-macos-x86_64, r-oldrel-macos-arm64, r-oldrel-macos-x86_64