Last updated on 2022-05-15 01:52:33 CEST.
Flavor | Version | Tinstall | Tcheck | Ttotal | Status | Flags |
---|---|---|---|---|---|---|
r-devel-linux-x86_64-debian-clang | 0.7-0 | 13.75 | 303.15 | 316.90 | NOTE | |
r-devel-linux-x86_64-debian-gcc | 0.7-0 | 10.02 | 226.35 | 236.37 | NOTE | |
r-devel-linux-x86_64-fedora-clang | 0.7-0 | 391.22 | NOTE | |||
r-devel-linux-x86_64-fedora-gcc | 0.7-0 | 400.04 | NOTE | |||
r-devel-windows-x86_64 | 0.7-0 | 33.00 | 437.00 | 470.00 | OK | |
r-patched-linux-x86_64 | 0.7-0 | 11.50 | 284.41 | 295.91 | NOTE | |
r-release-linux-x86_64 | 0.7-0 | 11.26 | 291.24 | 302.50 | NOTE | |
r-release-macos-arm64 | 0.7-0 | 128.00 | OK | |||
r-release-macos-x86_64 | 0.7-0 | 167.00 | OK | |||
r-release-windows-x86_64 | 0.7-0 | 35.00 | 426.00 | 461.00 | OK | |
r-oldrel-macos-arm64 | 0.7-0 | 118.00 | OK | |||
r-oldrel-macos-x86_64 | 0.7-0 | 148.00 | OK | |||
r-oldrel-windows-ix86+x86_64 | 0.7-0 | 31.00 | 491.00 | 522.00 | OK |
Version: 0.7-0
Check: package dependencies
Result: NOTE
Package suggested but not available for checking: 'glmmsr'
Flavors: r-devel-linux-x86_64-debian-clang, r-devel-linux-x86_64-debian-gcc, r-devel-linux-x86_64-fedora-clang, r-devel-linux-x86_64-fedora-gcc, r-patched-linux-x86_64, r-release-linux-x86_64