Last updated on 2022-05-15 01:52:33 CEST.
Flavor | Version | Tinstall | Tcheck | Ttotal | Status | Flags |
---|---|---|---|---|---|---|
r-devel-linux-x86_64-debian-clang | 0.2.1 | 6.56 | 76.06 | 82.62 | OK | |
r-devel-linux-x86_64-debian-gcc | 0.2.1 | 5.03 | 58.75 | 63.78 | OK | |
r-devel-linux-x86_64-fedora-clang | 0.2.1 | 101.04 | NOTE | |||
r-devel-linux-x86_64-fedora-gcc | 0.2.1 | 97.15 | NOTE | |||
r-devel-windows-x86_64 | 0.2.1 | 56.00 | 120.00 | 176.00 | OK | |
r-patched-linux-x86_64 | 0.2.1 | 7.55 | 73.11 | 80.66 | OK | |
r-release-linux-x86_64 | 0.2.1 | 6.68 | 74.28 | 80.96 | OK | |
r-release-macos-arm64 | 0.2.1 | 30.00 | NOTE | |||
r-release-macos-x86_64 | 0.2.1 | 58.00 | NOTE | |||
r-release-windows-x86_64 | 0.2.1 | 66.00 | 123.00 | 189.00 | OK | |
r-oldrel-macos-arm64 | 0.2.1 | 33.00 | NOTE | |||
r-oldrel-macos-x86_64 | 0.2.1 | 43.00 | NOTE | |||
r-oldrel-windows-ix86+x86_64 | 0.2.1 | 20.00 | 92.00 | 112.00 | OK |
Version: 0.2.1
Check: data for non-ASCII characters
Result: NOTE
Note: found 1 marked UTF-8 string
Flavors: r-devel-linux-x86_64-fedora-clang, r-devel-linux-x86_64-fedora-gcc, r-release-macos-arm64, r-release-macos-x86_64, r-oldrel-macos-arm64, r-oldrel-macos-x86_64