Last updated on 2022-05-15 01:52:33 CEST.
Flavor | Version | Tinstall | Tcheck | Ttotal | Status | Flags |
---|---|---|---|---|---|---|
r-devel-linux-x86_64-debian-clang | 2.2.7 | 41.13 | 371.07 | 412.20 | OK | |
r-devel-linux-x86_64-debian-gcc | 2.2.7 | 34.30 | 272.06 | 306.36 | OK | |
r-devel-linux-x86_64-fedora-clang | 2.2.7 | 416.01 | NOTE | |||
r-devel-linux-x86_64-fedora-gcc | 2.2.7 | 425.85 | NOTE | |||
r-devel-windows-x86_64 | 2.2.7 | 61.00 | 383.00 | 444.00 | OK | |
r-patched-linux-x86_64 | 2.2.7 | 37.68 | 342.99 | 380.67 | OK | |
r-release-linux-x86_64 | 2.2.7 | 38.64 | 334.47 | 373.11 | OK | |
r-release-macos-arm64 | 2.2.7 | 122.00 | NOTE | |||
r-release-macos-x86_64 | 2.2.7 | 206.00 | NOTE | |||
r-release-windows-x86_64 | 2.2.7 | 52.00 | 361.00 | 413.00 | OK | |
r-oldrel-macos-arm64 | 2.2.7 | 90.00 | NOTE | |||
r-oldrel-macos-x86_64 | 2.2.7 | 151.00 | NOTE | |||
r-oldrel-windows-ix86+x86_64 | 2.2.7 | 87.00 | 381.00 | 468.00 | OK |
Version: 2.2.7
Check: data for non-ASCII characters
Result: NOTE
Note: found 2 marked UTF-8 strings
Flavors: r-devel-linux-x86_64-fedora-clang, r-devel-linux-x86_64-fedora-gcc, r-release-macos-arm64, r-release-macos-x86_64, r-oldrel-macos-arm64, r-oldrel-macos-x86_64