CRAN Package Check Results for Package timevis

Last updated on 2022-05-15 01:52:33 CEST.

Flavor Version Tinstall Tcheck Ttotal Status Flags
r-devel-linux-x86_64-debian-clang 2.0.0 3.30 57.69 60.99 OK
r-devel-linux-x86_64-debian-gcc 2.0.0 2.30 43.70 46.00 OK
r-devel-linux-x86_64-fedora-clang 2.0.0 72.79 NOTE
r-devel-linux-x86_64-fedora-gcc 2.0.0 70.13 NOTE
r-devel-windows-x86_64 2.0.0 23.00 108.00 131.00 OK
r-patched-linux-x86_64 2.0.0 4.38 54.07 58.45 OK
r-release-linux-x86_64 2.0.0 3.73 54.61 58.34 OK
r-release-macos-arm64 2.0.0 26.00 NOTE
r-release-macos-x86_64 2.0.0 48.00 NOTE
r-release-windows-x86_64 2.0.0 29.00 103.00 132.00 OK
r-oldrel-macos-arm64 2.0.0 27.00 NOTE
r-oldrel-macos-x86_64 2.0.0 38.00 NOTE
r-oldrel-windows-ix86+x86_64 2.0.0 10.00 77.00 87.00 OK

Check Details

Version: 2.0.0
Check: dependencies in R code
Result: NOTE
    Namespace in Imports field not imported from: ‘lubridate’
     All declared Imports should be used.
Flavors: r-devel-linux-x86_64-fedora-clang, r-devel-linux-x86_64-fedora-gcc, r-release-macos-arm64, r-release-macos-x86_64, r-oldrel-macos-arm64, r-oldrel-macos-x86_64