CRAN Package Check Results for Package tidystringdist

Last updated on 2022-05-15 01:52:33 CEST.

Flavor Version Tinstall Tcheck Ttotal Status Flags
r-devel-linux-x86_64-debian-clang 0.1.4 4.38 56.72 61.10 NOTE
r-devel-linux-x86_64-debian-gcc 0.1.4 3.41 41.30 44.71 NOTE
r-devel-linux-x86_64-fedora-clang 0.1.4 71.88 NOTE
r-devel-linux-x86_64-fedora-gcc 0.1.4 68.20 NOTE
r-devel-windows-x86_64 0.1.4 17.00 84.00 101.00 NOTE
r-patched-linux-x86_64 0.1.4 4.48 52.62 57.10 NOTE
r-release-linux-x86_64 0.1.4 3.82 52.29 56.11 NOTE
r-release-macos-arm64 0.1.4 21.00 NOTE
r-release-macos-x86_64 0.1.4 33.00 NOTE
r-release-windows-x86_64 0.1.4 17.00 83.00 100.00 NOTE
r-oldrel-macos-arm64 0.1.4 30.00 NOTE
r-oldrel-macos-x86_64 0.1.4 36.00 NOTE
r-oldrel-windows-ix86+x86_64 0.1.4 11.00 41.00 52.00 NOTE

Check Details

Version: 0.1.4
Check: LazyData
Result: NOTE
     'LazyData' is specified without a 'data' directory
Flavors: r-devel-linux-x86_64-debian-clang, r-devel-linux-x86_64-debian-gcc, r-devel-linux-x86_64-fedora-clang, r-devel-linux-x86_64-fedora-gcc, r-devel-windows-x86_64, r-patched-linux-x86_64, r-release-linux-x86_64, r-release-macos-arm64, r-release-macos-x86_64, r-release-windows-x86_64, r-oldrel-macos-arm64, r-oldrel-macos-x86_64, r-oldrel-windows-ix86+x86_64