Last updated on 2022-05-15 01:52:33 CEST.
Flavor | Version | Tinstall | Tcheck | Ttotal | Status | Flags |
---|---|---|---|---|---|---|
r-devel-linux-x86_64-debian-clang | 0.1.5 | 7.18 | 96.26 | 103.44 | NOTE | |
r-devel-linux-x86_64-debian-gcc | 0.1.5 | 5.45 | 73.61 | 79.06 | NOTE | |
r-devel-linux-x86_64-fedora-clang | 0.1.5 | 124.66 | NOTE | |||
r-devel-linux-x86_64-fedora-gcc | 0.1.5 | 120.55 | NOTE | |||
r-devel-windows-x86_64 | 0.1.5 | 20.00 | 119.00 | 139.00 | NOTE | |
r-patched-linux-x86_64 | 0.1.5 | 5.13 | 92.81 | 97.94 | NOTE | |
r-release-linux-x86_64 | 0.1.5 | 8.43 | 93.18 | 101.61 | NOTE | |
r-release-macos-arm64 | 0.1.5 | 35.00 | NOTE | |||
r-release-macos-x86_64 | 0.1.5 | 52.00 | NOTE | |||
r-release-windows-x86_64 | 0.1.5 | 29.00 | 121.00 | 150.00 | NOTE | |
r-oldrel-macos-arm64 | 0.1.5 | 46.00 | NOTE | |||
r-oldrel-macos-x86_64 | 0.1.5 | 65.00 | NOTE | |||
r-oldrel-windows-ix86+x86_64 | 0.1.5 | 14.00 | 417.00 | 431.00 | NOTE |
Version: 0.1.5
Check: LazyData
Result: NOTE
'LazyData' is specified without a 'data' directory
Flavors: r-devel-linux-x86_64-debian-clang, r-devel-linux-x86_64-debian-gcc, r-devel-linux-x86_64-fedora-clang, r-devel-linux-x86_64-fedora-gcc, r-devel-windows-x86_64, r-patched-linux-x86_64, r-release-linux-x86_64, r-release-macos-arm64, r-release-macos-x86_64, r-release-windows-x86_64, r-oldrel-macos-arm64, r-oldrel-macos-x86_64, r-oldrel-windows-ix86+x86_64