Last updated on 2022-05-15 01:52:33 CEST.
Flavor | Version | Tinstall | Tcheck | Ttotal | Status | Flags |
---|---|---|---|---|---|---|
r-devel-linux-x86_64-debian-clang | 0.2.4 | 6.40 | 95.86 | 102.26 | NOTE | |
r-devel-linux-x86_64-debian-gcc | 0.2.4 | 5.12 | 70.91 | 76.03 | NOTE | |
r-devel-linux-x86_64-fedora-clang | 0.2.4 | 118.06 | NOTE | |||
r-devel-linux-x86_64-fedora-gcc | 0.2.4 | 115.55 | NOTE | |||
r-devel-windows-x86_64 | 0.2.4 | 25.00 | 112.00 | 137.00 | NOTE | |
r-patched-linux-x86_64 | 0.2.4 | 5.15 | 87.64 | 92.79 | NOTE | |
r-release-linux-x86_64 | 0.2.4 | 5.03 | 87.79 | 92.82 | NOTE | |
r-release-macos-arm64 | 0.2.4 | 31.00 | NOTE | |||
r-release-macos-x86_64 | 0.2.4 | 59.00 | NOTE | |||
r-release-windows-x86_64 | 0.2.4 | 26.00 | 112.00 | 138.00 | NOTE | |
r-oldrel-macos-arm64 | 0.2.4 | 37.00 | NOTE | |||
r-oldrel-macos-x86_64 | 0.2.4 | 61.00 | NOTE | |||
r-oldrel-windows-ix86+x86_64 | 0.2.4 | 16.00 | 94.00 | 110.00 | NOTE |
Version: 0.2.4
Check: LazyData
Result: NOTE
'LazyData' is specified without a 'data' directory
Flavors: r-devel-linux-x86_64-debian-clang, r-devel-linux-x86_64-debian-gcc, r-devel-linux-x86_64-fedora-clang, r-devel-linux-x86_64-fedora-gcc, r-devel-windows-x86_64, r-patched-linux-x86_64, r-release-linux-x86_64, r-release-macos-arm64, r-release-macos-x86_64, r-release-windows-x86_64, r-oldrel-macos-arm64, r-oldrel-macos-x86_64, r-oldrel-windows-ix86+x86_64