Last updated on 2022-05-15 01:52:33 CEST.
Flavor | Version | Tinstall | Tcheck | Ttotal | Status | Flags |
---|---|---|---|---|---|---|
r-devel-linux-x86_64-debian-clang | 1.2.1 | 16.45 | 115.36 | 131.81 | OK | |
r-devel-linux-x86_64-debian-gcc | 1.2.1 | 12.89 | 83.86 | 96.75 | OK | |
r-devel-linux-x86_64-fedora-clang | 1.2.1 | 164.07 | OK | |||
r-devel-linux-x86_64-fedora-gcc | 1.2.1 | 147.64 | OK | |||
r-devel-windows-x86_64 | 1.2.1 | 120.00 | 134.00 | 254.00 | OK | |
r-patched-linux-x86_64 | 1.2.1 | 14.51 | 106.81 | 121.32 | OK | |
r-release-linux-x86_64 | 1.2.1 | 14.14 | 108.75 | 122.89 | OK | |
r-release-macos-arm64 | 1.2.1 | 40.00 | NOTE | |||
r-release-macos-x86_64 | 1.2.1 | 82.00 | OK | |||
r-release-windows-x86_64 | 1.2.1 | 118.00 | 138.00 | 256.00 | OK | |
r-oldrel-macos-arm64 | 1.2.1 | 36.00 | OK | |||
r-oldrel-macos-x86_64 | 1.2.1 | 61.00 | OK | |||
r-oldrel-windows-ix86+x86_64 | 1.2.1 | 40.00 | 510.00 | 550.00 | OK |
Version: 1.2.1
Check: package dependencies
Result: NOTE
Package suggested but not available for checking: ‘graph’
Flavor: r-release-macos-arm64