Last updated on 2022-05-15 01:52:33 CEST.
Flavor | Version | Tinstall | Tcheck | Ttotal | Status | Flags |
---|---|---|---|---|---|---|
r-devel-linux-x86_64-debian-clang | 3.0.2 | 12.08 | 383.85 | 395.93 | OK | |
r-devel-linux-x86_64-debian-gcc | 3.0.2 | 9.15 | 284.84 | 293.99 | OK | |
r-devel-linux-x86_64-fedora-clang | 3.0.2 | 475.65 | OK | |||
r-devel-linux-x86_64-fedora-gcc | 3.0.2 | 477.09 | OK | |||
r-devel-windows-x86_64 | 3.0.2 | 76.00 | 450.00 | 526.00 | OK | |
r-patched-linux-x86_64 | 3.0.2 | 16.78 | 364.23 | 381.01 | OK | |
r-release-linux-x86_64 | 3.0.2 | 9.64 | 364.78 | 374.42 | OK | |
r-release-macos-arm64 | 3.0.2 | 116.00 | OK | |||
r-release-macos-x86_64 | 3.0.2 | 225.00 | NOTE | |||
r-release-windows-x86_64 | 3.0.2 | 117.00 | 465.00 | 582.00 | OK | |
r-oldrel-macos-arm64 | 3.0.2 | 130.00 | OK | |||
r-oldrel-macos-x86_64 | 3.0.2 | 177.00 | OK | |||
r-oldrel-windows-ix86+x86_64 | 3.0.2 | 25.00 | 681.00 | 706.00 | OK |
Version: 3.0.2
Check: package dependencies
Result: NOTE
Packages suggested but not available for checking:
'runjags', 'rjags', 'jagsUI'
Flavor: r-release-macos-x86_64
Version: 3.0.2
Check: Rd cross-references
Result: NOTE
Packages unavailable to check Rd xrefs: ‘runjags’, ‘rjags’, ‘jagsUI’
Flavor: r-release-macos-x86_64