Last updated on 2022-05-15 01:52:33 CEST.
Flavor | Version | Tinstall | Tcheck | Ttotal | Status | Flags |
---|---|---|---|---|---|---|
r-devel-linux-x86_64-debian-clang | 0.12.1 | 258.18 | 171.10 | 429.28 | NOTE | |
r-devel-linux-x86_64-debian-gcc | 0.12.1 | 244.83 | 138.49 | 383.32 | NOTE | |
r-devel-linux-x86_64-fedora-clang | 0.12.1 | 593.97 | NOTE | |||
r-devel-linux-x86_64-fedora-gcc | 0.12.1 | 604.54 | NOTE | |||
r-devel-windows-x86_64 | 0.12.1 | 212.00 | 231.00 | 443.00 | NOTE | |
r-patched-linux-x86_64 | 0.12.1 | 206.03 | 171.71 | 377.74 | NOTE | |
r-release-linux-x86_64 | 0.12.1 | 207.31 | 173.39 | 380.70 | NOTE | |
r-release-macos-arm64 | 0.12.1 | 141.00 | NOTE | |||
r-release-macos-x86_64 | 0.12.1 | 252.00 | NOTE | |||
r-release-windows-x86_64 | 0.12.1 | 210.00 | 236.00 | 446.00 | NOTE | |
r-oldrel-macos-arm64 | 0.12.1 | 162.00 | NOTE | |||
r-oldrel-macos-x86_64 | 0.12.1 | 188.00 | NOTE | |||
r-oldrel-windows-ix86+x86_64 | 0.12.1 | 574.00 | 856.00 | 1430.00 | NOTE |
Version: 0.12.1
Check: for GNU extensions in Makefiles
Result: NOTE
GNU make is a SystemRequirements.
Flavors: r-devel-linux-x86_64-debian-clang, r-devel-linux-x86_64-debian-gcc, r-devel-linux-x86_64-fedora-clang, r-devel-linux-x86_64-fedora-gcc, r-devel-windows-x86_64, r-patched-linux-x86_64, r-release-linux-x86_64, r-release-macos-arm64, r-release-macos-x86_64, r-release-windows-x86_64, r-oldrel-macos-arm64, r-oldrel-macos-x86_64, r-oldrel-windows-ix86+x86_64
Version: 0.12.1
Check: installed package size
Result: NOTE
installed size is 35.3Mb
sub-directories of 1Mb or more:
libs 34.8Mb
Flavors: r-devel-linux-x86_64-fedora-clang, r-release-macos-arm64, r-release-macos-x86_64, r-oldrel-macos-arm64, r-oldrel-macos-x86_64, r-oldrel-windows-ix86+x86_64
Version: 0.12.1
Check: dependencies in R code
Result: NOTE
Namespaces in Imports field not imported from:
‘RcppParallel’ ‘knitr’
All declared Imports should be used.
Flavors: r-devel-linux-x86_64-fedora-clang, r-devel-linux-x86_64-fedora-gcc, r-release-macos-arm64, r-release-macos-x86_64, r-oldrel-macos-arm64, r-oldrel-macos-x86_64