Last updated on 2022-05-15 01:52:33 CEST.
Flavor | Version | Tinstall | Tcheck | Ttotal | Status | Flags |
---|---|---|---|---|---|---|
r-devel-linux-x86_64-debian-clang | 2.8.0 | 11.35 | 88.01 | 99.36 | OK | |
r-devel-linux-x86_64-debian-gcc | 2.8.0 | 7.50 | 66.42 | 73.92 | OK | |
r-devel-linux-x86_64-fedora-clang | 2.8.0 | 115.58 | NOTE | |||
r-devel-linux-x86_64-fedora-gcc | 2.8.0 | 121.18 | OK | |||
r-devel-windows-x86_64 | 2.8.0 | 63.00 | 105.00 | 168.00 | OK | |
r-patched-linux-x86_64 | 2.8.0 | 12.27 | 84.31 | 96.58 | OK | |
r-release-linux-x86_64 | 2.8.0 | 7.68 | 82.12 | 89.80 | OK | |
r-release-macos-arm64 | 2.8.0 | 32.00 | OK | |||
r-release-macos-x86_64 | 2.8.0 | 47.00 | OK | |||
r-release-windows-x86_64 | 2.8.0 | 52.00 | 102.00 | 154.00 | OK | |
r-oldrel-macos-arm64 | 2.8.0 | 31.00 | OK | |||
r-oldrel-macos-x86_64 | 2.8.0 | 45.00 | OK | |||
r-oldrel-windows-ix86+x86_64 | 2.8.0 | 21.00 | 94.00 | 115.00 | OK |
Version: 2.8.0
Check: Rd cross-references
Result: NOTE
Undeclared package ‘tfestimators’ in Rd xrefs
Flavor: r-devel-linux-x86_64-fedora-clang