CRAN Package Check Results for Package templates

Last updated on 2022-05-15 01:52:33 CEST.

Flavor Version Tinstall Tcheck Ttotal Status Flags
r-devel-linux-x86_64-debian-clang 0.3.0 4.25 55.44 59.69 NOTE
r-devel-linux-x86_64-debian-gcc 0.3.0 3.04 40.78 43.82 NOTE
r-devel-linux-x86_64-fedora-clang 0.3.0 70.39 NOTE
r-devel-linux-x86_64-fedora-gcc 0.3.0 66.77 NOTE
r-devel-windows-x86_64 0.3.0 14.00 80.00 94.00 NOTE
r-patched-linux-x86_64 0.3.0 3.39 51.97 55.36 NOTE
r-release-linux-x86_64 0.3.0 2.74 51.43 54.17 NOTE
r-release-macos-arm64 0.3.0 21.00 NOTE
r-release-macos-x86_64 0.3.0 30.00 NOTE
r-release-windows-x86_64 0.3.0 13.00 78.00 91.00 NOTE
r-oldrel-macos-arm64 0.3.0 27.00 NOTE
r-oldrel-macos-x86_64 0.3.0 37.00 NOTE
r-oldrel-windows-ix86+x86_64 0.3.0 9.00 186.00 195.00 NOTE

Check Details

Version: 0.3.0
Check: LazyData
Result: NOTE
     'LazyData' is specified without a 'data' directory
Flavors: r-devel-linux-x86_64-debian-clang, r-devel-linux-x86_64-debian-gcc, r-devel-linux-x86_64-fedora-clang, r-devel-linux-x86_64-fedora-gcc, r-devel-windows-x86_64, r-patched-linux-x86_64, r-release-linux-x86_64, r-release-macos-arm64, r-release-macos-x86_64, r-release-windows-x86_64, r-oldrel-macos-arm64, r-oldrel-macos-x86_64, r-oldrel-windows-ix86+x86_64