Last updated on 2022-05-15 01:52:32 CEST.
Flavor | Version | Tinstall | Tcheck | Ttotal | Status | Flags |
---|---|---|---|---|---|---|
r-devel-linux-x86_64-debian-clang | 0.2.1 | 433.95 | 144.94 | 578.89 | OK | |
r-devel-linux-x86_64-debian-gcc | 0.2.1 | 468.44 | 103.65 | 572.09 | OK | |
r-devel-linux-x86_64-fedora-clang | 0.2.1 | 1021.95 | NOTE | |||
r-devel-linux-x86_64-fedora-gcc | 0.2.1 | 967.36 | NOTE | |||
r-devel-windows-x86_64 | 0.2.1 | 1503.00 | 229.00 | 1732.00 | NOTE | |
r-patched-linux-x86_64 | 0.2.1 | 485.76 | 130.36 | 616.12 | OK | |
r-release-linux-x86_64 | 0.2.1 | 488.75 | 128.82 | 617.57 | OK | |
r-release-macos-arm64 | 0.2.1 | 240.00 | NOTE | |||
r-release-macos-x86_64 | 0.2.1 | 344.00 | NOTE | |||
r-release-windows-x86_64 | 0.2.1 | 1744.00 | 236.00 | 1980.00 | NOTE | |
r-oldrel-macos-arm64 | 0.1.6 | 323.00 | NOTE | |||
r-oldrel-macos-x86_64 | 0.1.6 | 290.00 | NOTE | |||
r-oldrel-windows-ix86+x86_64 | 0.1.6 | 66.00 | 173.00 | 239.00 | NOTE |
Version: 0.2.1
Check: installed package size
Result: NOTE
installed size is 31.1Mb
sub-directories of 1Mb or more:
libs 30.2Mb
Flavors: r-devel-linux-x86_64-fedora-clang, r-devel-windows-x86_64, r-release-macos-arm64, r-release-macos-x86_64, r-release-windows-x86_64
Version: 0.2.1
Check: for GNU extensions in Makefiles
Result: NOTE
GNU make is a SystemRequirements.
Flavors: r-devel-linux-x86_64-fedora-clang, r-devel-linux-x86_64-fedora-gcc, r-release-macos-arm64, r-release-macos-x86_64
Version: 0.1.6
Check: installed package size
Result: NOTE
installed size is 50.3Mb
sub-directories of 1Mb or more:
libs 49.4Mb
Flavors: r-oldrel-macos-arm64, r-oldrel-macos-x86_64, r-oldrel-windows-ix86+x86_64
Version: 0.1.6
Check: for GNU extensions in Makefiles
Result: NOTE
GNU make is a SystemRequirements.
Flavors: r-oldrel-macos-arm64, r-oldrel-macos-x86_64