CRAN Package Check Results for Package survivalsvm

Last updated on 2022-05-15 01:52:32 CEST.

Flavor Version Tinstall Tcheck Ttotal Status Flags
r-devel-linux-x86_64-debian-clang 0.0.5 7.94 94.31 102.25 OK
r-devel-linux-x86_64-debian-gcc 0.0.5 8.43 70.69 79.12 OK
r-devel-linux-x86_64-fedora-clang 0.0.5 121.89 NOTE
r-devel-linux-x86_64-fedora-gcc 0.0.5 119.70 NOTE
r-devel-windows-x86_64 0.0.5 135.00 106.00 241.00 OK
r-patched-linux-x86_64 0.0.5 14.73 89.21 103.94 OK
r-release-linux-x86_64 0.0.5 6.86 87.39 94.25 OK
r-release-macos-arm64 0.0.5 37.00 NOTE
r-release-macos-x86_64 0.0.5 60.00 NOTE
r-release-windows-x86_64 0.0.5 133.00 108.00 241.00 OK
r-oldrel-macos-arm64 0.0.5 43.00 NOTE
r-oldrel-macos-x86_64 0.0.5 64.00 NOTE
r-oldrel-windows-ix86+x86_64 0.0.5 22.00 102.00 124.00 OK

Check Details

Version: 0.0.5
Check: dependencies in R code
Result: NOTE
    Namespace in Imports field not imported from: ‘quadprog’
     All declared Imports should be used.
Flavors: r-devel-linux-x86_64-fedora-clang, r-devel-linux-x86_64-fedora-gcc, r-release-macos-arm64, r-release-macos-x86_64, r-oldrel-macos-arm64, r-oldrel-macos-x86_64