CRAN Package Check Results for Package surveybootstrap

Last updated on 2022-05-15 01:52:32 CEST.

Flavor Version Tinstall Tcheck Ttotal Status Flags
r-devel-linux-x86_64-debian-clang 0.0.1 34.13 166.28 200.41 OK
r-devel-linux-x86_64-debian-gcc 0.0.1 27.10 116.74 143.84 OK
r-devel-linux-x86_64-fedora-clang 0.0.1 240.37 NOTE
r-devel-linux-x86_64-fedora-gcc 0.0.1 235.02 NOTE
r-devel-windows-x86_64 0.0.1 64.00 185.00 249.00 OK
r-patched-linux-x86_64 0.0.1 33.47 151.68 185.15 OK
r-release-linux-x86_64 0.0.1 28.25 157.10 185.35 OK
r-release-macos-arm64 0.0.1 57.00 OK
r-release-macos-x86_64 0.0.1 99.00 OK
r-release-windows-x86_64 0.0.1 64.00 191.00 255.00 OK
r-oldrel-macos-arm64 0.0.1 65.00 OK
r-oldrel-macos-x86_64 0.0.1 127.00 OK
r-oldrel-windows-ix86+x86_64 0.0.1 90.00 339.00 429.00 OK

Check Details

Version: 0.0.1
Check: compiled code
Result: NOTE
    File ‘surveybootstrap/libs/surveybootstrap.so’:
     Found no calls to: ‘R_registerRoutines’, ‘R_useDynamicSymbols’
    
    It is good practice to register native routines and to disable symbol
    search.
    
    See ‘Writing portable packages’ in the ‘Writing R Extensions’ manual.
Flavors: r-devel-linux-x86_64-fedora-clang, r-devel-linux-x86_64-fedora-gcc