Last updated on 2022-05-15 01:52:32 CEST.
Flavor | Version | Tinstall | Tcheck | Ttotal | Status | Flags |
---|---|---|---|---|---|---|
r-devel-linux-x86_64-debian-clang | 1.5.2 | 46.32 | 266.43 | 312.75 | OK | --no-vignettes |
r-devel-linux-x86_64-debian-gcc | 1.5.2 | 36.56 | 615.15 | 651.71 | OK | --no-vignettes |
r-devel-linux-x86_64-fedora-clang | 1.5.2 | 821.54 | NOTE | |||
r-devel-linux-x86_64-fedora-gcc | 1.5.2 | 654.07 | OK | |||
r-devel-windows-x86_64 | 1.5.2 | 61.00 | 415.00 | 476.00 | OK | |
r-patched-linux-x86_64 | 1.5.2 | 40.21 | 169.29 | 209.50 | OK | --no-vignettes |
r-release-linux-x86_64 | 1.5.2 | 39.52 | 167.53 | 207.05 | OK | --no-vignettes |
r-release-macos-arm64 | 1.5.2 | 155.00 | NOTE | |||
r-release-macos-x86_64 | 1.5.2 | 271.00 | NOTE | |||
r-release-windows-x86_64 | 1.5.2 | 59.00 | 452.00 | 511.00 | OK | |
r-oldrel-macos-arm64 | 1.5.2 | 134.00 | NOTE | |||
r-oldrel-macos-x86_64 | 1.5.2 | 261.00 | NOTE | |||
r-oldrel-windows-ix86+x86_64 | 1.5.2 | 97.00 | 783.00 | 880.00 | OK |
Version: 1.5.2
Check: installed package size
Result: NOTE
installed size is 12.7Mb
sub-directories of 1Mb or more:
libs 12.0Mb
Flavors: r-devel-linux-x86_64-fedora-clang, r-release-macos-arm64, r-release-macos-x86_64, r-oldrel-macos-arm64, r-oldrel-macos-x86_64