Last updated on 2022-05-15 01:52:32 CEST.
Flavor | Version | Tinstall | Tcheck | Ttotal | Status | Flags |
---|---|---|---|---|---|---|
r-devel-linux-x86_64-debian-clang | 1.1.2 | 1152.34 | 272.28 | 1424.62 | NOTE | |
r-devel-linux-x86_64-debian-gcc | 1.1.2 | 1082.93 | 242.05 | 1324.98 | NOTE | |
r-devel-linux-x86_64-fedora-clang | 1.1.2 | 2060.90 | NOTE | |||
r-devel-linux-x86_64-fedora-gcc | 1.1.2 | 2216.74 | NOTE | |||
r-devel-windows-x86_64 | 1.1.2 | 741.00 | 363.00 | 1104.00 | NOTE | |
r-patched-linux-x86_64 | 1.1.2 | 1075.91 | 311.89 | 1387.80 | NOTE | |
r-release-linux-x86_64 | 1.1.2 | 954.49 | 309.30 | 1263.79 | NOTE | |
r-release-macos-arm64 | 1.1.2 | 493.00 | NOTE | |||
r-release-macos-x86_64 | 1.1.2 | 790.00 | NOTE | |||
r-release-windows-x86_64 | 1.1.2 | 742.00 | 380.00 | 1122.00 | NOTE | |
r-oldrel-macos-arm64 | 1.1.2 | 533.00 | NOTE | |||
r-oldrel-macos-x86_64 | 1.1.2 | 884.00 | NOTE | |||
r-oldrel-windows-ix86+x86_64 | 1.1.2 | 2565.00 | 543.00 | 3108.00 | NOTE |
Version: 1.1.2
Check: package dependencies
Result: NOTE
Package suggested but not available for checking: 'INLA'
Flavors: r-devel-linux-x86_64-debian-clang, r-devel-linux-x86_64-debian-gcc, r-devel-windows-x86_64, r-patched-linux-x86_64, r-release-linux-x86_64, r-release-macos-arm64, r-release-macos-x86_64, r-release-windows-x86_64, r-oldrel-macos-arm64, r-oldrel-macos-x86_64
Version: 1.1.2
Check: for GNU extensions in Makefiles
Result: NOTE
GNU make is a SystemRequirements.
Flavors: r-devel-linux-x86_64-debian-clang, r-devel-linux-x86_64-debian-gcc, r-devel-linux-x86_64-fedora-clang, r-devel-linux-x86_64-fedora-gcc, r-devel-windows-x86_64, r-patched-linux-x86_64, r-release-linux-x86_64, r-release-macos-arm64, r-release-macos-x86_64, r-release-windows-x86_64, r-oldrel-macos-arm64, r-oldrel-macos-x86_64, r-oldrel-windows-ix86+x86_64
Version: 1.1.2
Check: installed package size
Result: NOTE
installed size is 103.3Mb
sub-directories of 1Mb or more:
libs 102.4Mb
Flavors: r-devel-linux-x86_64-fedora-clang, r-devel-windows-x86_64, r-release-macos-arm64, r-release-macos-x86_64, r-release-windows-x86_64, r-oldrel-macos-arm64, r-oldrel-macos-x86_64, r-oldrel-windows-ix86+x86_64