Last updated on 2022-05-15 01:52:32 CEST.
Flavor | Version | Tinstall | Tcheck | Ttotal | Status | Flags |
---|---|---|---|---|---|---|
r-devel-linux-x86_64-debian-clang | 0.5 | 14.03 | 247.99 | 262.02 | OK | |
r-devel-linux-x86_64-debian-gcc | 0.5 | 10.07 | 176.62 | 186.69 | OK | |
r-devel-linux-x86_64-fedora-clang | 0.5 | 303.79 | OK | |||
r-devel-linux-x86_64-fedora-gcc | 0.5 | 311.96 | OK | |||
r-devel-windows-x86_64 | 0.5 | 26.00 | 249.00 | 275.00 | OK | |
r-patched-linux-x86_64 | 0.5 | 12.21 | 232.81 | 245.02 | OK | |
r-release-linux-x86_64 | 0.5 | 10.28 | 227.42 | 237.70 | WARN | |
r-release-macos-arm64 | 0.5 | 95.00 | OK | |||
r-release-macos-x86_64 | 0.5 | 144.00 | OK | |||
r-release-windows-x86_64 | 0.5 | 23.00 | 266.00 | 289.00 | OK | |
r-oldrel-macos-arm64 | 0.5 | 120.00 | OK | |||
r-oldrel-macos-x86_64 | 0.5 | 188.00 | OK | |||
r-oldrel-windows-ix86+x86_64 | 0.5 | 26.00 | 268.00 | 294.00 | OK |
Version: 0.5
Check: package dependencies
Result: WARN
Requires orphaned package: ‘geiger’
Flavor: r-release-linux-x86_64