Last updated on 2022-05-15 01:52:32 CEST.
Flavor | Version | Tinstall | Tcheck | Ttotal | Status | Flags |
---|---|---|---|---|---|---|
r-devel-linux-x86_64-debian-clang | 0.2.0 | 6.39 | 68.15 | 74.54 | OK | |
r-devel-linux-x86_64-debian-gcc | 0.2.0 | 4.39 | 51.20 | 55.59 | OK | |
r-devel-linux-x86_64-fedora-clang | 0.2.0 | 91.98 | NOTE | |||
r-devel-linux-x86_64-fedora-gcc | 0.2.0 | 86.19 | OK | |||
r-devel-windows-x86_64 | 0.2.0 | 24.00 | 81.00 | 105.00 | OK | |
r-patched-linux-x86_64 | 0.2.0 | 5.88 | 62.77 | 68.65 | OK | |
r-release-linux-x86_64 | 0.2.0 | 4.52 | 63.26 | 67.78 | OK | |
r-release-macos-arm64 | 0.2.0 | 26.00 | OK | |||
r-release-macos-x86_64 | 0.2.0 | 48.00 | OK | |||
r-release-windows-x86_64 | 0.2.0 | 20.00 | 88.00 | 108.00 | OK | |
r-oldrel-macos-arm64 | 0.2.0 | 30.00 | OK | |||
r-oldrel-macos-x86_64 | 0.2.0 | 51.00 | OK | |||
r-oldrel-windows-ix86+x86_64 | 0.2.0 | 16.00 | 276.00 | 292.00 | OK |
Version: 0.2.0
Check: Rd cross-references
Result: NOTE
Undeclared package ‘truncdist’ in Rd xrefs
Flavor: r-devel-linux-x86_64-fedora-clang