Last updated on 2022-05-15 01:52:32 CEST.
Flavor | Version | Tinstall | Tcheck | Ttotal | Status | Flags |
---|---|---|---|---|---|---|
r-devel-linux-x86_64-debian-clang | 0.5-0 | 3.26 | 54.32 | 57.58 | OK | |
r-devel-linux-x86_64-debian-gcc | 0.5-0 | 3.19 | 41.73 | 44.92 | OK | |
r-devel-linux-x86_64-fedora-clang | 0.5-0 | 69.02 | NOTE | |||
r-devel-linux-x86_64-fedora-gcc | 0.5-0 | 70.69 | OK | |||
r-devel-windows-x86_64 | 0.5-0 | 17.00 | 72.00 | 89.00 | OK | |
r-patched-linux-x86_64 | 0.5-0 | 4.26 | 51.70 | 55.96 | OK | |
r-release-linux-x86_64 | 0.5-0 | 4.16 | 52.08 | 56.24 | OK | |
r-release-macos-arm64 | 0.5-0 | 23.00 | OK | |||
r-release-macos-x86_64 | 0.5-0 | 33.00 | OK | |||
r-release-windows-x86_64 | 0.5-0 | 22.00 | 72.00 | 94.00 | OK | |
r-oldrel-macos-arm64 | 0.5-0 | 27.00 | OK | |||
r-oldrel-macos-x86_64 | 0.5-0 | 41.00 | OK | |||
r-oldrel-windows-ix86+x86_64 | 0.5-0 | 10.00 | 68.00 | 78.00 | OK |
Version: 0.5-0
Check: Rd cross-references
Result: NOTE
Undeclared package ‘mded’ in Rd xrefs
Flavor: r-devel-linux-x86_64-fedora-clang