Last updated on 2022-05-15 01:52:32 CEST.
Flavor | Version | Tinstall | Tcheck | Ttotal | Status | Flags |
---|---|---|---|---|---|---|
r-devel-linux-x86_64-debian-clang | 1.0.0 | 21.68 | 145.74 | 167.42 | WARN | |
r-devel-linux-x86_64-debian-gcc | 1.0.0 | 15.40 | 106.69 | 122.09 | WARN | |
r-devel-linux-x86_64-fedora-clang | 1.0.0 | 204.40 | WARN | |||
r-devel-linux-x86_64-fedora-gcc | 1.0.0 | 211.79 | WARN | |||
r-devel-windows-x86_64 | 1.0.0 | 59.00 | 149.00 | 208.00 | WARN | |
r-patched-linux-x86_64 | 1.0.0 | 19.48 | 137.29 | 156.77 | OK | |
r-release-linux-x86_64 | 1.0.0 | 19.06 | 139.12 | 158.18 | OK | |
r-release-macos-arm64 | 1.0.0 | 48.00 | NOTE | |||
r-release-macos-x86_64 | 1.0.0 | 154.00 | NOTE | |||
r-release-windows-x86_64 | 1.0.0 | 65.00 | 153.00 | 218.00 | OK | |
r-oldrel-macos-arm64 | 1.0.0 | 88.00 | NOTE | |||
r-oldrel-macos-x86_64 | 1.0.0 | 101.00 | NOTE | |||
r-oldrel-windows-ix86+x86_64 | 1.0.0 | 34.00 | 136.00 | 170.00 | OK |
Version: 1.0.0
Check: Rd files
Result: WARN
checkRd: (7) cleartmp.Rd:29: invalid email address: dominic.comtois@gmail.com>
checkRd: (7) parse_args.Rd:52: invalid email address: dominic.comtois@gmail.com>
Flavors: r-devel-linux-x86_64-debian-clang, r-devel-linux-x86_64-debian-gcc, r-devel-linux-x86_64-fedora-clang, r-devel-linux-x86_64-fedora-gcc, r-devel-windows-x86_64
Version: 1.0.0
Check: data for non-ASCII characters
Result: NOTE
Note: found 78 marked UTF-8 strings
Flavors: r-devel-linux-x86_64-fedora-clang, r-devel-linux-x86_64-fedora-gcc, r-release-macos-arm64, r-release-macos-x86_64, r-oldrel-macos-arm64, r-oldrel-macos-x86_64