Last updated on 2022-05-15 01:52:32 CEST.
Flavor | Version | Tinstall | Tcheck | Ttotal | Status | Flags |
---|---|---|---|---|---|---|
r-devel-linux-x86_64-debian-clang | 0.15.7 | 23.09 | 155.89 | 178.98 | NOTE | |
r-devel-linux-x86_64-debian-gcc | 0.15.7 | 21.39 | 112.22 | 133.61 | NOTE | |
r-devel-linux-x86_64-fedora-clang | 0.15.7 | 226.17 | NOTE | |||
r-devel-linux-x86_64-fedora-gcc | 0.15.7 | 219.20 | NOTE | |||
r-devel-windows-x86_64 | 0.15.7 | 103.00 | 217.00 | 320.00 | NOTE | |
r-patched-linux-x86_64 | 0.15.7 | 22.94 | 148.80 | 171.74 | NOTE | |
r-release-linux-x86_64 | 0.15.7 | 22.21 | 150.84 | 173.05 | NOTE | |
r-release-macos-arm64 | 0.15.7 | 62.00 | NOTE | |||
r-release-macos-x86_64 | 0.15.7 | 92.00 | NOTE | |||
r-release-windows-x86_64 | 0.15.7 | 103.00 | 220.00 | 323.00 | NOTE | |
r-oldrel-macos-arm64 | 0.15.7 | 58.00 | NOTE | |||
r-oldrel-macos-x86_64 | 0.15.7 | 88.00 | NOTE | |||
r-oldrel-windows-ix86+x86_64 | 0.15.7 | 153.00 | 329.00 | 482.00 | WARN |
Version: 0.15.7
Check: for GNU extensions in Makefiles
Result: NOTE
GNU make is a SystemRequirements.
Flavors: r-devel-linux-x86_64-debian-clang, r-devel-linux-x86_64-debian-gcc, r-devel-linux-x86_64-fedora-clang, r-devel-linux-x86_64-fedora-gcc, r-devel-windows-x86_64, r-patched-linux-x86_64, r-release-linux-x86_64, r-release-macos-arm64, r-release-macos-x86_64, r-release-windows-x86_64, r-oldrel-macos-arm64, r-oldrel-macos-x86_64, r-oldrel-windows-ix86+x86_64
Version: 0.15.7
Check: re-building of vignette outputs
Result: WARN
Error(s) in re-building vignettes:
--- re-building 'vignette.rmd' using rmarkdown
pandoc.exe: Could not fetch https://github.com/traversc/stringfish/workflows/R-CMD-check/badge.svg
HttpExceptionRequest Request {
host = "github.com"
port = 443
secure = True
requestHeaders = []
path = "/traversc/stringfish/workflows/R-CMD-check/badge.svg"
queryString = ""
method = "GET"
proxy = Nothing
rawBody = False
redirectCount = 10
responseTimeout = ResponseTimeoutDefault
requestVersion = HTTP/1.1
}
(ConnectionFailure getAddrInfo: does not exist (error 11001))
Error: processing vignette 'vignette.rmd' failed with diagnostics:
pandoc document conversion failed with error 67
--- failed re-building 'vignette.rmd'
SUMMARY: processing the following file failed:
'vignette.rmd'
Error: Vignette re-building failed.
Execution halted
Flavor: r-oldrel-windows-ix86+x86_64