CRAN Package Check Results for Package stringb

Last updated on 2022-05-15 01:52:32 CEST.

Flavor Version Tinstall Tcheck Ttotal Status Flags
r-devel-linux-x86_64-debian-clang 0.1.17 3.83 40.75 44.58 NOTE
r-devel-linux-x86_64-debian-gcc 0.1.17 2.69 31.39 34.08 NOTE
r-devel-linux-x86_64-fedora-clang 0.1.17 54.32 NOTE
r-devel-linux-x86_64-fedora-gcc 0.1.17 53.26 NOTE
r-devel-windows-x86_64 0.1.17 55.00 62.00 117.00 NOTE
r-patched-linux-x86_64 0.1.17 3.24 39.49 42.73 NOTE
r-release-linux-x86_64 0.1.17 3.03 39.29 42.32 NOTE
r-release-macos-arm64 0.1.17 17.00 NOTE
r-release-macos-x86_64 0.1.17 26.00 NOTE
r-release-windows-x86_64 0.1.17 55.00 60.00 115.00 NOTE
r-oldrel-macos-arm64 0.1.17 21.00 NOTE
r-oldrel-macos-x86_64 0.1.17 31.00 NOTE
r-oldrel-windows-ix86+x86_64 0.1.17 9.00 57.00 66.00 NOTE

Check Details

Version: 0.1.17
Check: LazyData
Result: NOTE
     'LazyData' is specified without a 'data' directory
Flavors: r-devel-linux-x86_64-debian-clang, r-devel-linux-x86_64-debian-gcc, r-devel-linux-x86_64-fedora-clang, r-devel-linux-x86_64-fedora-gcc, r-devel-windows-x86_64, r-patched-linux-x86_64, r-release-linux-x86_64, r-release-macos-arm64, r-release-macos-x86_64, r-release-windows-x86_64, r-oldrel-macos-arm64, r-oldrel-macos-x86_64, r-oldrel-windows-ix86+x86_64