Last updated on 2022-05-15 01:52:32 CEST.
Flavor | Version | Tinstall | Tcheck | Ttotal | Status | Flags |
---|---|---|---|---|---|---|
r-devel-linux-x86_64-debian-clang | 0.9.0 | 64.80 | 395.36 | 460.16 | NOTE | |
r-devel-linux-x86_64-debian-gcc | 0.9.0 | 54.23 | 290.99 | 345.22 | NOTE | |
r-devel-linux-x86_64-fedora-clang | 0.9.0 | 588.30 | NOTE | |||
r-devel-linux-x86_64-fedora-gcc | 0.9.0 | 591.73 | NOTE | |||
r-devel-windows-x86_64 | 0.9.0 | 84.00 | 326.00 | 410.00 | NOTE | |
r-patched-linux-x86_64 | 0.9.0 | 73.01 | 373.96 | 446.97 | NOTE | |
r-release-linux-x86_64 | 0.9.0 | 68.78 | 373.44 | 442.22 | NOTE | |
r-release-macos-arm64 | 0.9.0 | 136.00 | NOTE | |||
r-release-macos-x86_64 | 0.9.0 | 191.00 | NOTE | |||
r-release-windows-x86_64 | 0.9.0 | 97.00 | 309.00 | 406.00 | NOTE | |
r-oldrel-macos-arm64 | 0.9.0 | 138.00 | NOTE | |||
r-oldrel-macos-x86_64 | 0.9.0 | 203.00 | NOTE | |||
r-oldrel-windows-ix86+x86_64 | 0.9.0 | 127.00 | 496.00 | 623.00 | NOTE |
Version: 0.9.0
Check: R code for possible problems
Result: NOTE
File 'stplanr/R/zzz.R':
.onLoad calls:
packageStartupMessage(paste0("Loading stplanr v0.9.0.\n", "Note: the next planned version, v1.0.0, will not support sp objects.\n", "See the issue #332 and https://github.com/ropensci/stplanr/pull/481.", "Any feedback on GitHub: welcome. Thanks (Robin Lovelace, April 2022)!"))
See section 'Good practice' in '?.onAttach'.
Flavors: r-devel-linux-x86_64-debian-clang, r-devel-linux-x86_64-debian-gcc, r-devel-linux-x86_64-fedora-clang, r-devel-linux-x86_64-fedora-gcc, r-devel-windows-x86_64, r-patched-linux-x86_64, r-release-linux-x86_64, r-release-macos-arm64, r-release-macos-x86_64, r-release-windows-x86_64, r-oldrel-macos-arm64, r-oldrel-macos-x86_64, r-oldrel-windows-ix86+x86_64
Version: 0.9.0
Check: installed package size
Result: NOTE
installed size is 5.2Mb
sub-directories of 1Mb or more:
help 1.0Mb
libs 1.9Mb
Flavors: r-release-macos-arm64, r-release-macos-x86_64, r-oldrel-macos-arm64, r-oldrel-macos-x86_64, r-oldrel-windows-ix86+x86_64