CRAN Package Check Results for Package stlplus

Last updated on 2022-05-15 01:52:32 CEST.

Flavor Version Tinstall Tcheck Ttotal Status Flags
r-devel-linux-x86_64-debian-clang 0.5.1 35.66 49.81 85.47 NOTE
r-devel-linux-x86_64-debian-gcc 0.5.1 24.89 38.98 63.87 NOTE
r-devel-linux-x86_64-fedora-clang 0.5.1 116.89 NOTE
r-devel-linux-x86_64-fedora-gcc 0.5.1 101.89 NOTE
r-devel-windows-x86_64 0.5.1 36.00 82.00 118.00 NOTE
r-patched-linux-x86_64 0.5.1 26.72 49.57 76.29 NOTE
r-release-linux-x86_64 0.5.1 27.66 48.97 76.63 NOTE
r-release-macos-arm64 0.5.1 28.00 NOTE
r-release-macos-x86_64 0.5.1 43.00 NOTE
r-release-windows-x86_64 0.5.1 33.00 83.00 116.00 NOTE
r-oldrel-macos-arm64 0.5.1 31.00 NOTE
r-oldrel-macos-x86_64 0.5.1 56.00 NOTE
r-oldrel-windows-ix86+x86_64 0.5.1 79.00 88.00 167.00 NOTE

Check Details

Version: 0.5.1
Check: LazyData
Result: NOTE
     'LazyData' is specified without a 'data' directory
Flavors: r-devel-linux-x86_64-debian-clang, r-devel-linux-x86_64-debian-gcc, r-devel-linux-x86_64-fedora-clang, r-devel-linux-x86_64-fedora-gcc, r-devel-windows-x86_64, r-patched-linux-x86_64, r-release-linux-x86_64, r-release-macos-arm64, r-release-macos-x86_64, r-release-windows-x86_64, r-oldrel-macos-arm64, r-oldrel-macos-x86_64, r-oldrel-windows-ix86+x86_64

Version: 0.5.1
Check: compiled code
Result: NOTE
    File ‘stlplus/libs/stlplus.so’:
     Found no calls to: ‘R_registerRoutines’, ‘R_useDynamicSymbols’
    
    It is good practice to register native routines and to disable symbol
    search.
    
    See ‘Writing portable packages’ in the ‘Writing R Extensions’ manual.
Flavors: r-devel-linux-x86_64-fedora-clang, r-devel-linux-x86_64-fedora-gcc