Last updated on 2022-05-15 01:52:32 CEST.
Flavor | Version | Tinstall | Tcheck | Ttotal | Status | Flags |
---|---|---|---|---|---|---|
r-devel-linux-x86_64-debian-clang | 1.3.2 | 0.34 | 11.80 | 12.14 | ERROR | |
r-devel-linux-x86_64-debian-gcc | 1.3.2 | 0.38 | 9.03 | 9.41 | ERROR | |
r-devel-linux-x86_64-fedora-clang | 1.3.2 | 325.72 | OK | |||
r-devel-linux-x86_64-fedora-gcc | 1.3.2 | 323.83 | OK | |||
r-devel-windows-x86_64 | 1.3.2 | 20.00 | 295.00 | 315.00 | OK | |
r-patched-linux-x86_64 | 1.3.2 | 11.60 | 247.75 | 259.35 | OK | |
r-release-linux-x86_64 | 1.3.2 | 7.48 | 248.34 | 255.82 | OK | |
r-release-macos-arm64 | 1.3.2 | 88.00 | OK | |||
r-release-macos-x86_64 | 1.3.2 | 119.00 | OK | |||
r-release-windows-x86_64 | 1.3.2 | 25.00 | 300.00 | 325.00 | OK | |
r-oldrel-macos-arm64 | 1.3.2 | 122.00 | OK | |||
r-oldrel-macos-x86_64 | 1.3.2 | 181.00 | OK | |||
r-oldrel-windows-ix86+x86_64 | 1.3.2 | 24.00 | 297.00 | 321.00 | OK |
Version: 1.3.2
Check: package dependencies
Result: ERROR
Package required but not available: 'edgeR'
See section 'The DESCRIPTION file' in the 'Writing R Extensions'
manual.
Flavors: r-devel-linux-x86_64-debian-clang, r-devel-linux-x86_64-debian-gcc